NOAA-Style Climate Reports

Select a Year or Month report
2018: Jan Feb Mar Apr May Jun Jul Aug Sep Oct Nov Dec
2017: Jan Feb Mar Apr May Jun Jul Aug Sep Oct Nov Dec
2016: Jan Feb Mar Apr May Jun Jul Aug Sep Oct Nov Dec
2015: Jan Feb Mar Apr May Jun Jul Aug Sep Oct Nov Dec

Report for 2017 June
                   Monthly Climatological Summary for Jun 2017

Name: AD5VG   City: Mesa   State: AZ
Elevation: 1578 ft  Lat: N 33° 24' 16"   Lon: W 111° 35' 48"

                  Temperature (°F), Rain (in), Wind Speed (mph)

                                      Heat  Cool        Avg
    Mean                              Deg   Deg         Wind                 Dom
Day Temp  High   Time   Low    Time   Days  Days  Rain  Speed High   Time    Dir
----------------------------------------------------------------------------------
 1  86.3 100.3   13:11  71.8   04:55   0.0   7.8  0.00   0.3  11.0   13:11   WSW
 2  86.8 104.0   15:38  70.1   04:42   0.0   8.9  0.00   0.3   9.0   17:27   WSW
 3  90.9 108.1   16:07  71.5   05:21   0.0  12.2  0.00   0.2   9.0   15:47   WSW
 4  92.4 107.0   15:50  77.5   05:24   0.0  12.7  0.00   0.3   9.0   14:59     W
 5  93.9 108.4   14:01  76.0   05:23   0.0  14.2  0.00   0.4   8.0   14:57     W
 6  92.9 107.8   14:30  77.2   05:31   0.0  13.1  0.00   0.2   9.0   17:17   WNW
 7  91.9 109.2   15:44  74.4   06:04   0.0  12.6  0.00   0.3  10.0   14:44     W
 8  89.9 105.2   14:37  74.0   04:45   0.0  10.9  0.00   0.3  12.0   16:28   WNW
 9  91.0 107.1   16:34  72.7   05:48   0.0  11.9  0.00   0.4   9.0   17:54   WNW
10  86.0 104.5   16:03  69.7   05:50   0.0   5.8  0.00   0.3  10.0   13:17     W
11  86.7 103.6   15:24   0.0   00:56   0.0   8.2  0.00   0.7  16.0   17:01    SW
12  81.1  97.0   16:12  65.5   06:00   0.0   4.8  0.00   0.4   9.0   13:18   WSW
13  80.3  99.4   15:14  60.0   05:42   0.0   6.0  0.00   0.1   8.0   11:38     W
14  84.9 105.4   16:41  60.7   05:44   0.0   9.5  0.00   0.2   7.0   10:43   WSW
15  89.0 110.1   14:42  64.0   05:16   0.0  11.6  0.00   0.2   8.0   16:17   WSW
16  90.7 111.4   13:59  70.2   05:51   0.0  12.6  0.00   0.3   9.0   12:26   WSW
17  92.2 111.1   15:10  71.6   05:37   0.0  13.3  0.00   0.3  10.0   14:01     W
18  94.2 111.9   15:41  75.8   06:02   0.0  14.7  0.00   0.3  10.0   14:41   WNW
19  99.0 118.1   16:59  77.4   05:28   0.0  19.1  0.00   0.2   9.0   15:48     W
20 102.6 121.7   14:13  83.2   05:38   0.0  22.6  0.00   0.4  11.0   17:22     W
21 101.5 119.2   14:36  83.9   05:48   0.0  21.5  0.00   0.3   9.0   16:13   WNW
22  98.7 113.5   14:32  85.6   02:33   0.0  18.7  0.00   0.5   9.0   16:40     W
23  97.8 113.2   14:49  81.7   05:39   0.0  17.8  0.00   0.3   9.0   01:32   WNW
24  99.8 118.8   14:45  80.6   05:59   0.0  19.8  0.00   0.3   9.0   17:12     W
25 102.3 116.8   14:11  89.8   06:03   0.0  22.3  0.00   0.7  11.0   20:05   WSW
26  89.2 100.7   20:24  88.2   01:39   0.0   9.0  0.00   0.0   8.0   14:11   ---
27  95.9 111.7   14:00  83.4   05:33   0.0  15.9  0.00   0.4  13.0   14:28   WSW
28  93.3 110.6   14:27  76.2   05:49   0.0  13.6  0.00   0.3   8.0   15:15   WSW
29  93.9 109.7   16:22  79.0   05:32   0.0  14.0  0.00   0.3  12.0   14:27   WSW
30  93.9 112.5   16:14  79.0   06:39   0.0  13.9  0.00   0.2   7.0   10:53   WSW
----------------------------------------------------------------------------------
    92.3 121.7    20     0.0    11     0.0 399.0  0.00   0.3  16.0    11       W

Max >=  80.0: 30
Max <=  32.0:  0
Min <=  32.0:  1
Min <=   0.0:  1
Max Rain: 0.00 on day 0
Days of Rain: 0 (>= 0.01 in)  0 (>= 0.10 in)  0 (>= 1.00 in)
Heat Base: 50.0  Cool Base: 80.0  Method: Integration