NOAA-Style Climate Reports

Select a Year or Month report
2018: Jan Feb Mar Apr May Jun Jul Aug Sep Oct Nov Dec
2017: Jan Feb Mar Apr May Jun Jul Aug Sep Oct Nov Dec
2016: Jan Feb Mar Apr May Jun Jul Aug Sep Oct Nov Dec
2015: Jan Feb Mar Apr May Jun Jul Aug Sep Oct Nov Dec

Report for 2017 May
                   Monthly Climatological Summary for May 2017

Name: AD5VG   City: Mesa   State: AZ
Elevation: 1578 ft  Lat: N 33° 24' 16"   Lon: W 111° 35' 48"

                  Temperature (°F), Rain (in), Wind Speed (mph)

                                      Heat  Cool        Avg
    Mean                              Deg   Deg         Wind                 Dom
Day Temp  High   Time   Low    Time   Days  Days  Rain  Speed High   Time    Dir
----------------------------------------------------------------------------------
 1  75.9  95.4   14:53  57.2   06:16   0.0   4.2  0.00   0.2   8.0   15:51   WNW
 2  79.3  98.9   14:55  60.3   05:03   0.0   5.5  0.00   0.2  10.0   16:02   WNW
 3  83.0 102.0   15:14  65.1   06:11   0.0   7.2  0.00   0.3  13.0   15:17   WNW
 4  86.7 107.6   14:27  68.3   05:22   0.0   9.5  0.00   0.1   8.0   15:20   WSW
 5  90.1 110.9   14:12  67.7   06:17   0.0  12.4  0.00   0.3   8.0   14:24    SW
 6  84.5 100.8   13:41  70.8   06:20   0.0   6.6  0.00   1.0  17.0   18:04    SW
 7  67.6  78.0   16:08  61.8   23:35   0.0   0.0  0.00   0.6  12.0   11:58   WSW
 8  68.2  84.0   14:07  56.5   04:36   0.0   0.4  0.02   0.7  14.0   16:56   WSW
 9  62.7  76.3   15:55  52.9   06:12   0.0   0.0  0.06   0.3  13.0   18:43     W
10  66.7  79.3   15:12  55.1   05:55   0.0   0.0  0.00   0.2   8.0   14:54   SSW
11  74.8  92.1   16:08  56.7   05:45   0.0   2.7  0.00   0.4   8.0   11:43     W
12  82.0 100.0   14:52  64.5   05:47   0.0   6.4  0.00   0.2  12.0   14:32   WSW
13  82.8 100.0   16:00  65.6   05:53   0.0   6.5  0.00   0.6  17.0   15:08   WSW
14  79.8  95.1   14:21  66.4   05:05   0.0   4.1  0.00   0.5  12.0   19:20    SW
15  74.8  89.2   13:27  61.2   06:02   0.0   2.0  0.00   1.3  21.0   14:06   WSW
16  67.7  80.4   15:03  56.5   05:49   0.0   0.0  0.00   0.4  12.0   16:30   WSW
17  72.3  87.7   14:59  57.3   02:21   0.0   1.4  0.00   0.4  11.0   14:36   WSW
18  74.5  87.3   15:54  62.8   05:26   0.0   1.2  0.00   1.2  17.0   23:38   WNW
19  73.0  87.7   14:02  58.9   04:19   0.0   1.4  0.00   1.2  13.0   00:02     N
20  79.1  97.2   15:42  60.1   06:05   0.0   4.1  0.00   0.9  14.0   09:37   NNE
21  84.9 103.3   13:31  63.7   05:57   0.0   8.1  0.00   0.2   8.0   14:57    NW
22  86.8 105.7   13:26  67.8   05:31   0.0   9.6  0.00   0.3  10.0   16:24   WNW
23  88.4 106.8   14:32  70.4   05:14   0.0  10.5  0.00   0.3   8.0   13:58   WNW
24  91.2 109.7   15:28  73.7   02:30   0.0  12.4  0.00   0.6  11.0   19:51   WSW
25  86.8 103.2   15:24  72.8   06:10   0.0   7.9  0.00   0.7  13.0   17:03   WSW
26  83.1  97.5   14:59  68.9   05:51   0.0   6.0  0.00   0.6  13.0   11:06    SW
27  82.2  99.2   14:19  64.9   06:08   0.0   6.1  0.00   0.3  10.0   15:20   WSW
28  84.8 104.2   16:04  64.7   05:06   0.0   8.6  0.00   0.1   9.0   13:16     W
29  86.8 107.4   14:33  66.1   06:00   0.0   9.7  0.00   0.2   9.0   16:36     W
30  88.2 105.5   13:48  72.5   05:03   0.0   9.5  0.00   0.4  10.0   15:52     W
31  89.2 104.8   13:17  76.7   05:24   0.0   9.6  0.00   0.5  11.0   17:06   WNW
----------------------------------------------------------------------------------
    79.9 110.9     5    52.9     9     0.0 173.6  0.08   0.5  21.0    15       W

Max >=  80.0: 28
Max <=  32.0:  0
Min <=  32.0:  0
Min <=   0.0:  0
Max Rain: 0.06 on day 9
Days of Rain: 2 (>= 0.01 in)  0 (>= 0.10 in)  0 (>= 1.00 in)
Heat Base: 50.0  Cool Base: 80.0  Method: Integration