NOAA-Style Climate Reports

Select a Year or Month report
2018: Jan Feb Mar Apr May Jun Jul Aug Sep Oct Nov Dec
2017: Jan Feb Mar Apr May Jun Jul Aug Sep Oct Nov Dec
2016: Jan Feb Mar Apr May Jun Jul Aug Sep Oct Nov Dec
2015: Jan Feb Mar Apr May Jun Jul Aug Sep Oct Nov Dec

Report for 2017 April
                   Monthly Climatological Summary for Apr 2017

Name: AD5VG   City: Mesa   State: AZ
Elevation: 1578 ft  Lat: N 33° 24' 16"   Lon: W 111° 35' 48"

                  Temperature (°F), Rain (in), Wind Speed (mph)

                                      Heat  Cool        Avg
    Mean                              Deg   Deg         Wind                 Dom
Day Temp  High   Time   Low    Time   Days  Days  Rain  Speed High   Time    Dir
----------------------------------------------------------------------------------
 8  39.2  78.4   17:14   0.0   17:13   0.0   0.0  0.00  ----   7.0   12:23   ---
 9  66.1  77.0   17:31   0.0   17:31   0.0   0.0  0.00   0.1   7.0   12:23     W
10  67.9  88.2   14:36  49.7   06:06   0.0   1.4  0.00   0.0   8.0   15:38     W
11  71.5  91.8   14:28  52.6   05:17   0.0   2.3  0.00   0.1   8.0   15:37   WSW
12  74.3  93.6   16:09  55.2   06:37   0.0   3.5  0.00   0.1   7.0   13:21     W
13  76.4  95.9   13:56  57.7   05:08   0.0   4.1  0.00   0.1   9.0   16:38   WSW
14  73.9  92.7   16:10  56.5   06:04   0.0   2.9  0.00   0.3  11.0   14:58   WSW
15  72.9  91.3   14:41  55.2   06:34   0.0   2.7  0.00   0.2  11.0   11:52   WSW
16  74.9  94.0   15:21  56.1   06:19   0.0   3.5  0.00   0.1   8.0   14:01     W
17  75.8  95.2   14:41  57.5   06:21   0.0   3.8  0.00   0.1   8.0   15:11   WSW
18  77.9  96.7   16:03  59.2   05:58   0.0   4.6  0.00   0.3  11.0   16:43   WSW
19  76.7  94.3   15:49  60.9   06:16   0.0   3.4  0.00   0.3  11.0   12:03   WNW
20  75.8  94.5   16:01  57.0   05:54   0.0   3.5  0.00   0.3  10.0   14:50   WNW
21  84.7  95.0   13:46   0.0   08:05   0.0   4.3  0.00   0.5  10.0   14:30   WNW
22  78.4  99.0   14:05  59.3   05:36   0.0   5.3  0.00   0.1   6.0   12:52   WNW
23  82.4 103.2   15:03  62.8   04:16   0.0   7.2  0.00   0.2  10.0   19:31   WSW
24  78.9  92.1   14:02  67.6   06:05   0.0   3.4  0.00   0.6  14.0   15:06   WSW
25  75.4  86.4   15:30  65.7   05:48   0.0   1.0  0.00   0.8  16.0   16:34   WSW
26  74.9  91.9   15:36  62.3   01:59   0.0   2.0  0.00   0.5   9.0   05:46   WNW
27  76.7  90.4   14:45  63.3   05:19   0.0   2.5  0.00   0.3  10.0   13:33     W
28  72.3  85.5   15:12  61.5   23:59   0.0   0.7  0.00   1.6  19.0   18:49   WNW
29  67.3  80.5   16:09  55.6   05:48   0.0   0.0  0.00   1.3  12.0   11:57    NW
30  71.5  88.1   16:22  53.1   06:25   0.0   1.6  0.00   0.3   9.0   13:12     W
----------------------------------------------------------------------------------
    73.3 103.2    23     0.0     8     0.0  63.7  0.00   0.4  19.0    28       W

Max >=  80.0: 21
Max <=  32.0:  0
Min <=  32.0:  3
Min <=   0.0:  3
Max Rain: 0.00 on day 0
Days of Rain: 0 (>= 0.01 in)  0 (>= 0.10 in)  0 (>= 1.00 in)
Heat Base: 50.0  Cool Base: 80.0  Method: Integration