NOAA-Style Climate Reports

Select a Year or Month report
2018: Jan Feb Mar Apr May Jun Jul Aug Sep Oct Nov Dec
2017: Jan Feb Mar Apr May Jun Jul Aug Sep Oct Nov Dec
2016: Jan Feb Mar Apr May Jun Jul Aug Sep Oct Nov Dec
2015: Jan Feb Mar Apr May Jun Jul Aug Sep Oct Nov Dec

Report for 2017 March
                   Monthly Climatological Summary for Mar 2017

Name: AD5VG   City: Mesa   State: AZ
Elevation: 1578 ft  Lat: N 33° 24' 16"   Lon: W 111° 35' 48"

                  Temperature (°F), Rain (in), Wind Speed (mph)

                                      Heat  Cool        Avg
    Mean                              Deg   Deg         Wind                 Dom
Day Temp  High   Time   Low    Time   Days  Days  Rain  Speed High   Time    Dir
----------------------------------------------------------------------------------
 1  57.1  68.9   16:12  43.7   02:17   1.0   0.0  0.00   1.2  10.0   09:08     N
 2  63.2  75.6   16:02  52.4   04:34   0.0   0.0  0.00   2.9  14.0   06:57   NNE
 3  67.1  78.4   15:59  61.3   04:55   0.0   0.0  0.00   1.2  13.0   02:18   NNE
 4  66.0  83.3   15:01  48.6   07:07   0.0   0.2  0.00   0.1   8.0   12:43     N
 5  64.6  75.3   14:44  54.8   23:59   0.0   0.0  0.00   0.2  13.0   14:47    NW
 6  55.1  68.8   14:13  43.5   06:52   1.3   0.0  0.00   0.3  11.0   14:43   WNW
 7  58.7  77.2   15:32  41.4   05:48   2.0   0.0  0.00   0.3   7.0   15:51   WNW
 8  64.3  85.5   16:07  47.3   06:40   0.4   0.7  0.00   0.2   7.0   16:36   WNW
 9  68.3  86.9   16:42  51.4   07:05   0.0   1.1  0.00   0.2   6.0   13:09   WNW
10  70.4  89.1   16:21  52.7   05:00   0.0   1.8  0.00   0.2   7.0   15:31   WNW
11  72.2  91.0   15:24  57.2   07:29   0.0   2.1  0.00   0.2   9.0   16:26   WNW
12  72.1  90.2   15:35  54.6   05:39   0.0   2.1  0.00   0.2   6.0   14:16   WNW
13  74.7  93.8   14:23  56.7   05:04   0.0   3.0  0.00   0.2   5.0   10:50   WNW
14  75.4  95.0   15:18  59.2   06:44   0.0   3.5  0.00   0.2   7.0   15:36     W
15  74.8  92.2   15:40  57.7   06:55   0.0   2.9  0.00   0.1   6.0   14:31   WSW
16  64.5  82.2   10:28  57.3   04:41   0.0   0.0  0.00   0.0   4.0   08:21   ---
17  83.4  94.8   14:36   0.0   07:48   0.0   3.6  0.00   0.4   6.0   15:47   WSW
18  79.2  98.1   15:24  63.3   06:49   0.0   5.1  0.00   0.2   8.0   13:00   WSW
19  78.6  96.4   14:36  61.8   06:47   0.0   4.5  0.00   0.2   7.0   12:59   WSW
20  80.5  99.0   14:54  61.2   06:07   0.0   5.3  0.00   0.1   9.0   15:05    SW
21  76.1  95.8   15:44  63.2   06:55   0.0   2.8  0.00   0.1   7.0   17:39    SW
22  70.3  85.5   13:46  56.7   06:31   0.0   0.7  0.00   0.3  17.0   21:02     W
23  58.6  69.6   15:09  49.9   06:39   0.0   0.0  0.04   0.9  14.0   02:20   WNW
24  62.3  79.2   16:35  47.9   03:51   0.1   0.0  0.00   0.1   8.0   12:58   WSW
25  65.9  83.7   15:07  49.6   06:37   0.0   0.3  0.00   0.4  10.0   16:35   WSW
26  66.1  83.0   16:10  50.2   06:48   0.0   0.3  0.00   0.2   8.0   15:46   WSW
27  68.2  84.5   14:59  53.1   06:53   0.0   0.5  0.00   0.7  19.0   23:40     W
28  63.7  77.6   15:52  48.4   07:05   0.1   0.0  0.01   0.7  13.0   00:06   WNW
----------------------------------------------------------------------------------
    68.6  99.0    20     0.0    17     4.9  40.5  0.05   0.4  19.0    27      NW

Max >=  80.0: 19
Max <=  32.0:  0
Min <=  32.0:  1
Min <=   0.0:  1
Max Rain: 0.04 on day 23
Days of Rain: 2 (>= 0.01 in)  0 (>= 0.10 in)  0 (>= 1.00 in)
Heat Base: 50.0  Cool Base: 80.0  Method: Integration