NOAA-Style Climate Reports

Select a Year or Month report
2018: Jan Feb Mar Apr May Jun Jul Aug Sep Oct Nov Dec
2017: Jan Feb Mar Apr May Jun Jul Aug Sep Oct Nov Dec
2016: Jan Feb Mar Apr May Jun Jul Aug Sep Oct Nov Dec
2015: Jan Feb Mar Apr May Jun Jul Aug Sep Oct Nov Dec

Report for 2017 February
                   Monthly Climatological Summary for Feb 2017

Name: AD5VG   City: Mesa   State: AZ
Elevation: 1578 ft  Lat: N 33° 24' 16"   Lon: W 111° 35' 48"

                  Temperature (°F), Rain (in), Wind Speed (mph)

                                      Heat  Cool        Avg
    Mean                              Deg   Deg         Wind                 Dom
Day Temp  High   Time   Low    Time   Days  Days  Rain  Speed High   Time    Dir
----------------------------------------------------------------------------------
 1  57.2  76.6   16:29  43.3   05:34   1.3   0.0  0.00   0.0   4.0   12:29     N
 2  57.4  73.1   15:13  45.6   04:29   0.8   0.0  0.00   0.0   4.0   08:06     N
 3  56.8  71.5   17:06  45.7   06:51   0.6   0.0  0.00   0.0   4.0   13:30   NNW
 4  58.5  77.1   16:02  43.2   07:48   1.4   0.0  0.00   0.1   5.0   13:19   NNW
 5  59.9  78.1   13:53  44.2   07:32   0.9   0.0  0.00   0.1   6.0   10:19     N
 6  59.5  66.7   14:54  53.3   04:43   0.0   0.0  0.00   0.0   4.0   00:36   NNW
 7  60.6  74.1   15:50  49.1   05:26   0.1   0.0  0.00   0.0   7.0   14:07    NW
 8  62.6  77.7   15:55  48.3   07:11   0.1   0.0  0.00   0.1   6.0   13:22    NW
 9  65.5  82.6   15:20  51.5   06:59   0.0   0.3  0.00   0.2   7.0   13:34    NW
10  68.5  87.5   16:30  51.8   07:22   0.0   1.1  0.00   0.0   5.0   11:19   ---
11  67.7  79.3   12:12  57.1   07:29   0.0   0.0  0.00   0.1   8.0   16:32   WNW
12  64.1  72.3   16:16  56.6   04:15   0.0   0.0  0.00   0.6  12.0   12:10   NNW
13  64.5  74.4   13:22  57.6   07:36   0.0   0.0  0.02   0.5  13.0   03:35     N
14  63.3  74.0   17:09  52.8   07:16   0.0   0.0  0.00   0.2   9.0   23:46     N
15  62.6  74.1   16:26  54.2   06:41   0.0   0.0  0.00   0.5  10.0   09:07   NNE
16  62.5  75.5   16:47  51.1   07:30   0.0   0.0  0.00   0.2   7.0   06:04    NE
17  63.7  76.5   14:38  54.4   04:17   0.0   0.0  0.00   0.3  13.0   13:21   ESE
18  56.8  63.3   01:12  48.2   23:09   0.2   0.0  0.12   0.2   8.0   13:02   SSE
19  50.9  59.4   15:02  47.4   07:40   0.9   0.0  0.11   0.1   7.0   11:11   SSE
20  56.3  69.4   16:32  45.8   03:55   1.2   0.0  0.00   0.1   7.0   17:19   SSE
21  61.0  75.9   15:42  47.2   06:36   0.3   0.0  0.00   0.1   6.0   15:50   SSE
22  64.8  79.8   15:40  52.0   05:59   0.0   0.0  0.00   0.0   6.0   15:44   SSE
23  54.3  64.6   15:07  43.8   23:59   1.0   0.0  0.00   0.6  13.0   00:28    SW
24  49.3  63.7   16:22  35.6   06:51   4.6   0.0  0.00   0.2   6.0   08:50    SW
25  52.3  68.8   15:54  36.4   07:23   3.6   0.0  0.00   0.1   5.0   10:52    SW
26  56.8  70.6   15:13  48.1   23:57   0.1   0.0  0.00   0.2  10.0   16:15    SW
27  55.6  67.4   13:44  45.7   03:00   0.7   0.0  0.05   0.3  17.0   16:23    SW
28  54.4  64.0   16:38  47.5   23:55   0.1   0.0  0.12   0.4  14.0   12:06    NW
----------------------------------------------------------------------------------
    59.6  87.5    10    35.6    24    17.9   1.4  0.42   0.2  17.0    27      NW

Max >=  80.0:  2
Max <=  32.0:  0
Min <=  32.0:  0
Min <=   0.0:  0
Max Rain: 0.12 on day 18
Days of Rain: 5 (>= 0.01 in)  3 (>= 0.10 in)  0 (>= 1.00 in)
Heat Base: 50.0  Cool Base: 80.0  Method: Integration