NOAA-Style Climate Reports

Select a Year or Month report
2018: Jan Feb Mar Apr May Jun Jul Aug Sep Oct Nov Dec
2017: Jan Feb Mar Apr May Jun Jul Aug Sep Oct Nov Dec
2016: Jan Feb Mar Apr May Jun Jul Aug Sep Oct Nov Dec
2015: Jan Feb Mar Apr May Jun Jul Aug Sep Oct Nov Dec

Report for 2017 January
                   Monthly Climatological Summary for Jan 2017

Name: AD5VG   City: Mesa   State: AZ
Elevation: 1578 ft  Lat: N 33° 24' 16"   Lon: W 111° 35' 48"

                  Temperature (°F), Rain (in), Wind Speed (mph)

                                      Heat  Cool        Avg
    Mean                              Deg   Deg         Wind                 Dom
Day Temp  High   Time   Low    Time   Days  Days  Rain  Speed High   Time    Dir
----------------------------------------------------------------------------------
 1  51.8  55.3   12:20  48.1   23:52   0.2   0.0  0.15   0.2  10.0   12:50   ESE
 2  51.0  57.8   12:37  46.1   05:49   1.2   0.0  0.00   0.0   6.0   02:47     S
 3  52.1  62.1   13:35  43.9   06:39   1.9   0.0  0.00   0.0   5.0   05:20     S
 4  53.3  67.8   15:40  41.7   07:35   2.0   0.0  0.00   0.0   5.0   15:50   ---
 5  56.0  68.4   14:53  45.1   07:10   1.4   0.0  0.00   0.1   7.0   14:56     S
 6  56.0  67.3   15:54  49.5   07:18   0.0   0.0  0.00   0.1   6.0   09:42     S
 7  55.8  66.8   14:56  47.5   06:22   0.2   0.0  0.00   0.8  10.0   06:31    SE
 8  62.3  75.2   14:49  48.7   08:00   0.0   0.0  0.00   0.6  11.0   10:43     E
 9  57.9  70.4   13:15  51.5   23:11   0.0   0.0  0.00   0.0   6.0   01:21     E
10  57.9  70.3   13:18  47.2   07:41   0.3   0.0  0.00   0.0   6.0   12:30     E
11  55.1  67.3   15:51  46.8   23:10   0.6   0.0  0.00   0.0   3.0   14:04   ---
12  56.2  71.8   14:52  45.1   02:30   1.5   0.0  0.00   0.0   5.0   09:54     E
13  57.4  63.3   14:09  52.9   02:24   0.0   0.0  0.00   0.1   7.0   20:07     E
14  59.3  70.0   12:02  53.3   23:58   0.0   0.0  0.03   0.7  13.0   04:31    NE
15  52.7  56.6   15:36  50.7   08:06   0.0   0.0  0.04   0.0   4.0   09:16   ---
16  52.7  61.1   14:43  45.8   23:58   0.4   0.0  0.00   0.0   4.0   17:05   NNE
17  50.0  61.3   17:02  40.7   07:54   3.3   0.0  0.00   0.1   6.0   14:55   NNE
18  52.1  67.0   15:38  42.1   07:00   2.7   0.0  0.00   0.0   5.0   14:22   NNE
19  49.9  55.4   16:48  44.0   03:14   1.5   0.0  0.00   0.2   7.0   11:32    NE
20  48.7  51.7   15:10  46.6   03:10   1.4   0.0  0.34   0.3  11.0   19:05   ENE
21  50.3  57.8   15:46  42.0   23:55   1.4   0.0  0.00   1.3  15.0   11:33    SW
22  50.5  60.8   15:11  39.9   02:58   3.0   0.0  0.00   0.1   7.0   11:10   WSW
23  54.7  61.2   13:18  45.5   23:00   0.4   0.0  0.04   0.5  12.0   13:47   WSW
24  46.3  57.4   14:29  38.7   23:54   4.8   0.0  0.00   0.2   8.0   15:18     W
25  44.1  56.8   14:25  33.1   07:20   7.2   0.0  0.00   0.1   7.0   15:33     W
26  44.5  58.5   16:06  33.3   06:34   7.0   0.0  0.00   0.2   6.0   15:22     W
27  48.1  57.0   15:51  40.1   03:52   3.2   0.0  0.00   2.4  20.0   10:42   NNE
28  52.0  65.6   16:55  41.8   01:28   2.4   0.0  0.00   1.3  10.0   03:36     N
29  59.7  71.2   16:41  46.6   00:07   0.3   0.0  0.00   1.5  15.0   01:40   NNE
30  62.6  77.1   16:31  53.9   06:57   0.0   0.0  0.00   0.9  10.0   00:44   NNE
31  57.4  75.1   16:05  43.9   07:03   1.1   0.0  0.00   0.0   4.0   13:15     N
----------------------------------------------------------------------------------
    53.5  77.1    30    33.1    25    49.4   0.0  0.60   0.4  20.0    27     NNE

Max >=  80.0:  0
Max <=  32.0:  0
Min <=  32.0:  0
Min <=   0.0:  0
Max Rain: 0.34 on day 20
Days of Rain: 5 (>= 0.01 in)  2 (>= 0.10 in)  0 (>= 1.00 in)
Heat Base: 50.0  Cool Base: 80.0  Method: Integration