NOAA-Style Climate Reports

Select a Year or Month report
2018: Jan Feb Mar Apr May Jun Jul Aug Sep Oct Nov Dec
2017: Jan Feb Mar Apr May Jun Jul Aug Sep Oct Nov Dec
2016: Jan Feb Mar Apr May Jun Jul Aug Sep Oct Nov Dec
2015: Jan Feb Mar Apr May Jun Jul Aug Sep Oct Nov Dec

Report for 2017
                   Annual Climatological Summary for 2017

Name: AD5VG   City: Mesa   State: AZ
Elevation: 1578 ft  Lat: N 33° 24' 16"   Lon: W 111° 35' 48"

                  Temperature (°F), Heat Base: 50.0  Cool Base: 80.0
                          Dep.  Heat  Cool                       Max  Max  Min  Min
        Mean  Mean        From  Deg   Deg                        >=   <=   <=   <=
 YR MO  Max   Min   Mean  Norm  Days  Days  Hi  Date  Low  Date 80.0 32.0 32.0   0.0
------------------------------------------------------------------------------------
 17  1  64.0  45.0  53.5   0.0    49     0  77.1  30  33.1   25    0    0    0    0
 17  2  72.8  48.5  59.6   0.0    17     1  87.5  10  35.6   24    2    0    0    0
 17  3  85.0  51.6  68.6   0.0     4    40  99.0  20   0.0   17   19    0    1    1
 17  4  91.1  50.8  73.3   0.0     0    63 103.2  23   0.0    8   21    0    3    3
 17  5  96.7  64.1  79.9   0.0     0   173 110.9   5  52.9    9   28    0    0    0
 17  6 109.3  73.0  92.3   0.0     0   399 121.7  20   0.0   11   30    0    1    1
 17  7 112.5  72.6  97.7   0.0     0   146 120.9   7   0.0    9    9    0    1    1
 17  8
 17  9
 17 10
 17 11
 17 12
------------------------------------------------------------------------------------
        90.2  58.0  75.0   0.0    72   824 121.7 Jun   0.0  Mar  109    0    6    6

                                Precipitation (in)

              Dep.   Max        Days of Rain
              From   Obs.           >=
 YR MO Total  Norm   Day Date 0.01 0.10 1.00
---------------------------------------------
 17  1  0.60   0.0  0.34  20     5    2    0
 17  2  0.42   0.0  0.12  18     5    3    0
 17  3  0.05   0.0  0.04  23     2    0    0
 17  4  0.00   0.0  0.00   0     0    0    0
 17  5  0.08   0.0  0.06   9     2    0    0
 17  6  0.00   0.0  0.00   0     0    0    0
 17  7  0.00   0.0  0.00   0     0    0    0
 17  8
 17  9
 17 10
 17 11
 17 12
---------------------------------------------
        1.15   0.0  0.34  Jan   14    5    0

                                Wind Speed (mph)
                          Dom
 YR MO   Avg.  Hi   Date  Dir
------------------------------
 17  1   0.4  20.0   27   NNE
 17  2   0.2  17.0   27    NW
 17  3   0.4  19.0   27    NW
 17  4   0.4  19.0   28     W
 17  5   0.5  21.0   15     W
 17  6   0.3  16.0   11     W
 17  7   0.4  14.0    7     W
 17  8
 17  9
 17 10
 17 11
 17 12
------------------------------
         0.4  21.0  May   WNW