NOAA-Style Climate Reports

Select a Year or Month report
2018: Jan Feb Mar Apr May Jun Jul Aug Sep Oct Nov Dec
2017: Jan Feb Mar Apr May Jun Jul Aug Sep Oct Nov Dec
2016: Jan Feb Mar Apr May Jun Jul Aug Sep Oct Nov Dec
2015: Jan Feb Mar Apr May Jun Jul Aug Sep Oct Nov Dec

Report for 2016 December
                   Monthly Climatological Summary for Dec 2016

Name: AD5VG   City: Mesa   State: AZ
Elevation: 1578 ft  Lat: N 33° 24' 16"   Lon: W 111° 35' 48"

                  Temperature (°F), Rain (in), Wind Speed (mph)

                                      Heat  Cool        Avg
    Mean                              Deg   Deg         Wind                 Dom
Day Temp  High   Time   Low    Time   Days  Days  Rain  Speed High   Time    Dir
----------------------------------------------------------------------------------
 1  48.2  63.2   15:31  36.8   04:20   5.0   0.0  0.00   0.0   7.0   11:53   WNW
 2  49.8  60.8   14:04  39.9   06:49   3.0   0.0  0.00   0.2   7.0   21:45   WNW
 3  56.5  69.1   16:16  47.2   02:34   0.1   0.0  0.00   1.5  13.0   10:44     N
 4  57.4  71.5   15:20  46.1   23:43   0.3   0.0  0.00   0.8  11.0   02:07   NNE
 5  53.1  68.4   13:34  39.3   07:30   2.6   0.0  0.00   0.0   6.0   14:33    NW
 6  54.4  67.5   15:02  43.3   03:38   1.7   0.0  0.00   0.1   6.0   12:02    NW
 7  54.7  67.9   15:19  44.8   06:44   1.2   0.0  0.00   0.1   7.0   12:28    NW
 8  54.2  69.0   16:28  42.8   07:35   2.0   0.0  0.00   0.1   6.0   13:23    NW
 9  56.9  73.3   14:42  44.7   04:56   1.0   0.0  0.00   0.0   5.0   10:13    NW
10  57.8  72.2   14:46  44.8   07:08   0.6   0.0  0.00   0.0   6.0   13:08    NW
11  59.4  74.1   15:12  48.4   05:44   0.2   0.0  0.00   0.0   5.0   13:51    NW
12  59.7  74.5   15:27  48.3   04:11   0.1   0.0  0.00   0.0   4.0   12:53    NW
13  60.9  75.5   15:04  49.2   07:09   0.0   0.0  0.00   0.0   4.0   12:23    NW
14  60.4  77.9   15:39  47.9   07:44   0.2   0.0  0.00   0.0   4.0   15:03    NW
15  50.7  56.0   01:00  47.3   07:09   0.3   0.0  0.00   0.0   1.0   01:43   ---
16  65.3  74.2   15:46   0.0   06:52   0.0   0.0  0.00   0.3  12.0   23:19     W
17  51.8  63.8   00:00  40.9   23:55   1.8   0.0  0.03   0.6  15.0   02:59     W
18  50.7  63.4   15:40  36.7   07:55   3.0   0.0  0.00   0.8  12.0   19:47    NW
19  58.8  68.4   15:24  50.9   05:41   0.0   0.0  0.00   2.9  18.0   02:18   NNE
20  62.9  71.6   14:15  57.3   07:08   0.0   0.0  0.00   1.0  10.0   10:52   NNE
21  62.3  67.4   13:28  57.3   08:00   0.0   0.0  0.01   0.2   9.0   18:29   NNE
22  59.6  65.7   15:17  54.4   22:59   0.0   0.0  0.22   0.4  10.0   13:07     E
23  55.0  62.2   15:50  49.5   23:59   0.0   0.0  0.01   0.0   3.0   09:10   ---
24  48.9  63.0   12:27  42.4   23:57   3.4   0.0  0.17   0.6  19.0   15:11   WSW
25  44.6  55.1   15:55  37.9   06:13   6.1   0.0  0.04   0.0  10.0   01:06   WSW
26  49.6  59.7   15:06  39.4   00:00   3.1   0.0  0.00   1.4  11.0   10:36   NNE
27  56.2  68.9   14:11  40.3   07:17   1.4   0.0  0.00   0.8  10.0   15:16   NNE
28  54.9  64.3   14:33  45.7   07:50   0.7   0.0  0.00   0.0   5.0   10:28   NNE
29  59.9  77.6   15:59  49.1   06:09   0.1   0.0  0.00   0.1   9.0   23:58    NE
30  61.8  72.8   15:18  55.7   23:14   0.0   0.0  0.01   0.5   8.0   05:10   NNE
31  55.6  58.6   15:56  53.6   08:57   0.0   0.0  0.02   0.0   5.0   13:58    NE
----------------------------------------------------------------------------------
    55.9  77.9    14     0.0    16    37.9   0.0  0.51   0.4  19.0    24       N

Max >=  80.0:  0
Max <=  32.0:  0
Min <=  32.0:  1
Min <=   0.0:  1
Max Rain: 0.22 on day 22
Days of Rain: 8 (>= 0.01 in)  2 (>= 0.10 in)  0 (>= 1.00 in)
Heat Base: 50.0  Cool Base: 80.0  Method: Integration