NOAA-Style Climate Reports

Select a Year or Month report
2018: Jan Feb Mar Apr May Jun Jul Aug Sep Oct Nov Dec
2017: Jan Feb Mar Apr May Jun Jul Aug Sep Oct Nov Dec
2016: Jan Feb Mar Apr May Jun Jul Aug Sep Oct Nov Dec
2015: Jan Feb Mar Apr May Jun Jul Aug Sep Oct Nov Dec

Report for 2016 November
                   Monthly Climatological Summary for Nov 2016

Name: AD5VG   City: Mesa   State: AZ
Elevation: 1578 ft  Lat: N 33° 24' 16"   Lon: W 111° 35' 48"

                  Temperature (°F), Rain (in), Wind Speed (mph)

                                      Heat  Cool        Avg
    Mean                              Deg   Deg         Wind                 Dom
Day Temp  High   Time   Low    Time   Days  Days  Rain  Speed High   Time    Dir
----------------------------------------------------------------------------------
 1  70.6  82.5   14:52  59.2   07:05   0.0   0.2  0.00   0.0   7.0   15:59     S
 2  69.4  84.6   14:15  54.5   07:05   0.0   0.6  0.00   0.2   7.0   13:35   SSW
 3  69.2  80.1   13:29  61.2   18:14   0.0   0.0  0.13   2.8  16.0   21:31    NE
 4  67.2  79.7   13:59  57.1   06:59   0.0   0.0  0.00   0.4  12.0   00:01     N
 5  67.8  82.2   14:55  55.8   07:09   0.0   0.2  0.00   0.1   8.0   09:34   NNW
 6  68.3  83.5   15:33  56.3   06:22   0.0   0.3  0.00   0.0   5.0   11:08    NW
 7  70.8  85.6   15:17  57.3   06:32   0.0   0.8  0.00   0.1   6.0   12:37    NW
 8  77.6  89.1   15:27  69.3   01:30   0.0   2.0  0.00   0.5   9.0   03:45     N
 9  72.2  82.4   14:38  63.2   06:40   0.0   0.3  0.00   0.4  10.0   12:55     E
10  66.7  73.2   10:04  59.2   07:15   0.0   0.0  0.00   0.3  11.0   15:36     E
11  71.5  83.2   16:11  64.3   00:45   0.0   0.3  0.00   0.6  11.0   02:47   ENE
12  70.5  83.0   15:48  57.1   05:40   0.0   0.2  0.00   0.3   8.0   11:10    NE
13  71.3  84.8   14:54  60.3   04:39   0.0   0.7  0.00   0.7  11.0   07:21   NNE
14  68.0  85.5   14:49  52.6   06:51   0.0   0.8  0.00   0.1   6.0   11:07     N
15  69.6  88.2   14:52  52.8   06:41   0.0   1.5  0.00   0.1   5.0   13:56     N
16  68.6  83.8   12:50  55.5   06:32   0.0   0.3  0.00   0.0   6.0   23:50     N
17  61.6  71.9   15:17  48.6   23:40   0.0   0.0  0.00   0.2   7.0   11:05   NNW
18  60.4  78.5   16:25  44.6   05:56   1.1   0.0  0.00   0.1   9.0   12:03   NNW
19  70.7  83.7   14:22  54.9   03:05   0.0   0.3  0.00   0.9  10.0   06:54     N
20  69.2  75.3   14:58  61.3   23:59   0.0   0.0  0.01   0.6  10.0   16:28     N
21  61.3  68.9   11:51  50.9   23:57   0.0   0.0  0.05   0.4  11.0   08:15     W
22  57.1  70.4   15:38  46.4   05:55   0.7   0.0  0.00   0.1   8.0   15:14     W
23  60.3  76.7   14:53  45.4   07:01   0.6   0.0  0.00   0.2   5.0   13:29     W
24  65.4  76.0   15:15  51.5   06:18   0.0   0.0  0.00   2.8  18.0   08:46   NNE
25  67.2  77.8   15:17  60.2   07:45   0.0   0.0  0.00   2.0  13.0   01:33   NNE
26  65.4  73.1   13:49  60.7   23:00   0.0   0.0  0.00   0.4   9.0   04:26   NNE
27  54.1  61.4   00:00  45.9   07:45   0.2   0.0  0.00   0.4  10.0   01:12     W
28  50.9  57.6   13:18   0.0   04:57   1.2   0.0  0.00   0.0   6.0   13:53     S
29  48.6  60.7   15:50  38.6   07:06   3.7   0.0  0.00   0.6   9.0   09:10   NNW
30  50.1  62.3   15:33  38.6   06:54   3.0   0.0  0.00   0.3   6.0   02:29   WNW
----------------------------------------------------------------------------------
    65.4  89.1     8     0.0    28    10.5   8.5  0.19   0.5  18.0    24     NNE

Max >=  80.0: 15
Max <=  32.0:  0
Min <=  32.0:  1
Min <=   0.0:  1
Max Rain: 0.13 on day 3
Days of Rain: 3 (>= 0.01 in)  1 (>= 0.10 in)  0 (>= 1.00 in)
Heat Base: 50.0  Cool Base: 80.0  Method: Integration