NOAA-Style Climate Reports

Select a Year or Month report
2018: Jan Feb Mar Apr May Jun Jul Aug Sep Oct Nov Dec
2017: Jan Feb Mar Apr May Jun Jul Aug Sep Oct Nov Dec
2016: Jan Feb Mar Apr May Jun Jul Aug Sep Oct Nov Dec
2015: Jan Feb Mar Apr May Jun Jul Aug Sep Oct Nov Dec

Report for 2016 October
                   Monthly Climatological Summary for Oct 2016

Name: AD5VG   City: Mesa   State: AZ
Elevation: 1578 ft  Lat: N 33° 24' 16"   Lon: W 111° 35' 48"

                  Temperature (°F), Rain (in), Wind Speed (mph)

                                      Heat  Cool        Avg
    Mean                              Deg   Deg         Wind                 Dom
Day Temp  High   Time   Low    Time   Days  Days  Rain  Speed High   Time    Dir
----------------------------------------------------------------------------------
 1  82.6  99.4   14:55  70.8   05:13   0.0   5.7  0.00   0.1   7.0   13:07   WSW
 2  72.7  84.5   11:33  68.4   23:44   0.0   0.1  0.20   0.4  13.0   11:44     N
 3  73.3  86.1   15:54  60.1   23:58   0.0   1.0  0.00   0.3  10.0   12:36     W
 4  70.0  87.2   15:22  54.9   03:51   0.0   1.1  0.00   0.1   7.0   12:53   WSW
 5  74.0  91.4   15:36  56.6   04:32   0.0   2.6  0.00   0.1   7.0   13:13   WSW
 6  75.8  91.2   14:23  62.2   06:35   0.0   2.5  0.00   0.1   6.0   13:14   WSW
 7  78.5  98.3   15:53  59.6   06:04   0.0   5.0  0.00   0.2   8.0   15:16     W
 8  88.7  99.3   14:41   0.0   07:23   0.0   6.1  0.00   0.8  12.0   17:38   WNW
 9  82.7  96.6   16:36  73.4   23:58   0.0   4.9  0.00   0.6   9.0   08:29   NNW
10  80.9  97.0   15:05  66.7   06:16   0.0   5.2  0.00   0.1   9.0   14:04   NNW
11  81.0  97.5   15:19  65.1   06:41   0.0   5.8  0.00   0.2  10.0   13:21   WNW
12  77.8  94.4   15:51  62.9   06:48   0.0   3.9  0.00   0.0   6.0   15:26     W
13  76.9  95.5   16:17  62.0   06:18   0.0   4.1  0.00   0.0   9.0   15:05     W
14  77.7  98.6   15:16  59.0   06:14   0.0   4.8  0.00   0.0   6.0   14:30     W
15  78.3  96.9   14:25  63.5   06:08   0.0   4.6  0.00   0.1   7.0   13:52     W
16  77.4  93.6   15:46  62.4   04:25   0.0   3.9  0.00   0.1   8.0   11:30     W
17  76.7  92.7   13:41  62.4   06:04   0.0   3.3  0.00   0.1   8.0   14:20     W
18  76.6  92.1   13:49  60.9   06:45   0.0   3.3  0.00   0.1   6.0   14:37   WSW
19  76.9  93.8   15:02  61.1   05:47   0.0   3.3  0.00   0.4  10.0   22:42     W
20  83.2  98.1   15:55  74.1   05:56   0.0   4.9  0.00   1.3  13.0   04:06   NNE
21  82.7  98.6   15:11  71.5   03:49   0.0   5.0  0.00   0.6  10.0   11:03    NE
22  82.8  99.8   13:58  68.0   03:49   0.0   5.9  0.00   0.1   7.0   12:36     N
23  80.6  97.2   14:58  67.6   04:16   0.0   5.0  0.00   0.0   4.0   10:53   NNW
24  79.8  91.6   13:19  70.0   02:57   0.0   3.0  0.00   0.0   4.0   13:32   NNW
25  80.2  93.6   15:09  69.3   04:49   0.0   3.6  0.00   0.0   7.0   15:10   NNW
26  79.7  98.5   15:36  63.3   07:08   0.0   4.6  0.00   0.1   5.0   14:12   NNW
27  83.4 102.2   14:10  67.0   07:13   0.0   7.0  0.00   0.1   9.0   15:20   ENE
28  74.7  82.5   09:02  71.5   06:51   0.0   0.0  0.00   0.0   1.0   01:17   ---
29  84.6  96.8   14:37   0.0   06:31   0.0   4.8  0.00   0.0   4.0   12:32    SE
30  78.6  95.5   14:24  67.0   05:36   0.0   3.5  0.00   0.1  10.0   13:27   SSE
31  75.0  87.2   13:02  64.7   07:31   0.0   1.3  0.00   0.1   8.0   13:20     S
----------------------------------------------------------------------------------
    78.8 102.2    27     0.0     8     0.0 119.8  0.20   0.2  13.0     2     NNW

Max >=  80.0: 31
Max <=  32.0:  0
Min <=  32.0:  2
Min <=   0.0:  2
Max Rain: 0.20 on day 2
Days of Rain: 1 (>= 0.01 in)  1 (>= 0.10 in)  0 (>= 1.00 in)
Heat Base: 50.0  Cool Base: 80.0  Method: Integration