NOAA-Style Climate Reports

Select a Year or Month report
2018: Jan Feb Mar Apr May Jun Jul Aug Sep Oct Nov Dec
2017: Jan Feb Mar Apr May Jun Jul Aug Sep Oct Nov Dec
2016: Jan Feb Mar Apr May Jun Jul Aug Sep Oct Nov Dec
2015: Jan Feb Mar Apr May Jun Jul Aug Sep Oct Nov Dec

Report for 2016 September
                   Monthly Climatological Summary for Sep 2016

Name: AD5VG   City: Mesa   State: AZ
Elevation: 1578 ft  Lat: N 33° 24' 16"   Lon: W 111° 35' 48"

                  Temperature (°F), Rain (in), Wind Speed (mph)

                                      Heat  Cool        Avg
    Mean                              Deg   Deg         Wind                 Dom
Day Temp  High   Time   Low    Time   Days  Days  Rain  Speed High   Time    Dir
----------------------------------------------------------------------------------
 1  91.5 106.3   14:35  81.5   04:25   0.0  11.3  0.00   0.3  14.0   17:48     W
 2  91.9 107.4   15:12  77.2   06:02   0.0  12.2  0.00   0.1   7.0   11:08   SSW
 3  88.1 103.0   11:54  78.4   06:31   0.0   6.3  0.00   0.2  13.0   16:36    SW
 4  88.2 105.7   15:47  71.3   06:12   0.0   9.7  0.00   0.3   9.0   12:37   WSW
 5  87.1 105.4   15:42  68.4   06:15   0.0   9.5  0.00   0.1   7.0   12:18    SW
 6  88.7 104.5   14:32  73.3   06:42   0.0   9.7  0.00   0.1   6.0   13:40    SW
 7  79.7  85.1   13:54  74.0   23:31   0.0   1.8  0.01   0.3   8.0   15:21    SW
 8  82.5  96.6   16:45  71.8   05:54   0.0   5.1  0.00   0.3   9.0   16:48   WSW
 9  87.7 103.9   15:45  73.8   06:25   0.0   8.8  0.00   0.2   9.0   14:30     W
10  90.8 107.4   14:38  76.1   06:32   0.0  11.4  0.00   0.1   8.0   14:59     W
11  89.7 105.8   14:19  73.6   06:37   0.0  10.6  0.00   0.3   8.0   11:41     W
12  86.9 102.6   15:28  75.5   23:16   0.0   7.3  0.00   0.1   8.0   15:09   WSW
13  85.9  99.1   15:14  74.5   00:56   0.0   6.8  0.00   0.6  13.0   14:48   SSW
14  75.9  80.1   00:00  73.3   05:45   0.0   0.0  0.00   0.0   2.0   00:29   ---
15  86.6  98.9   14:01   0.0   06:25   0.0   6.2  0.00   0.3   8.0   14:01   WSW
16  77.5  98.9   15:11  65.7   05:28   0.0   2.6  0.00   0.1   7.0   14:30   WSW
17  84.7 103.8   16:01  66.6   07:07   0.0   7.9  0.00   0.0   7.0   14:36   WSW
18  86.1 108.4   15:36  66.5   06:24   0.0   9.1  0.00   0.1   6.0   13:26   WSW
19  85.5 102.0   13:26  69.6   06:42   0.0   7.6  0.00   0.2   8.0   16:50     W
20  82.6  90.4   14:53   0.0   00:23   0.0   3.0  0.03   1.2  13.0   01:09     N
21  85.3 102.4   15:06  71.1   05:25   0.0   7.7  0.01   0.2   8.0   17:27   SSW
22  80.8  89.9   12:08  75.5   06:40   0.0   2.0  0.00   0.6  14.0   16:26     W
23  77.3  86.8   15:42   0.0   06:54   0.0   1.2  0.00   0.6   9.0   10:04    NW
24  74.2  91.2   15:29  57.4   05:57   0.0   2.5  0.00   0.2   7.0   13:20    NW
25  82.4 100.6   16:06  66.2   03:23   0.0   5.3  0.00   1.1  16.0   07:58   NNE
26  78.2  85.1   11:14  70.9   23:59   0.0   0.7  0.00   0.2  11.0   14:49    SE
27  76.5  91.1   16:58  66.2   06:22   0.0   1.8  0.01   0.6  14.0   11:17    NE
28  83.0  98.5   13:49  71.2   05:20   0.0   5.2  0.00   0.3  11.0   13:36   SSE
29  77.5  85.4   12:53  73.1   09:58   0.0   0.1  0.00   1.4  15.0   11:05    NE
30  86.2  98.8   13:40   0.0   06:49   0.0   5.3  0.00   0.6  11.0   15:49   NNW
----------------------------------------------------------------------------------
    84.0 108.4    18     0.0    15     0.0 178.7  0.06   0.3  16.0    25      NW

Max >=  80.0: 30
Max <=  32.0:  0
Min <=  32.0:  4
Min <=   0.0:  4
Max Rain: 0.03 on day 20
Days of Rain: 4 (>= 0.01 in)  0 (>= 0.10 in)  0 (>= 1.00 in)
Heat Base: 50.0  Cool Base: 80.0  Method: Integration