NOAA-Style Climate Reports

Select a Year or Month report
2018: Jan Feb Mar Apr May Jun Jul Aug Sep Oct Nov Dec
2017: Jan Feb Mar Apr May Jun Jul Aug Sep Oct Nov Dec
2016: Jan Feb Mar Apr May Jun Jul Aug Sep Oct Nov Dec
2015: Jan Feb Mar Apr May Jun Jul Aug Sep Oct Nov Dec

Report for 2016 August
                   Monthly Climatological Summary for Aug 2016

Name: AD5VG   City: Mesa   State: AZ
Elevation: 1578 ft  Lat: N 33° 24' 16"   Lon: W 111° 35' 48"

                  Temperature (°F), Rain (in), Wind Speed (mph)

                                      Heat  Cool        Avg
    Mean                              Deg   Deg         Wind                 Dom
Day Temp  High   Time   Low    Time   Days  Days  Rain  Speed High   Time    Dir
----------------------------------------------------------------------------------
 1  88.0 101.5   16:31  74.9   07:10   0.0   8.6  0.00   0.4   8.0   11:18   WSW
 2  83.9  98.1   16:25  74.7   19:10   0.0   5.0  0.44   0.2  15.0   18:19   NNW
 3  85.5 100.1   14:15  77.4   00:23   0.0   5.9  0.06   0.3  15.0   15:19   NNW
 4  88.4 101.9   15:32  79.4   04:26   0.0   8.4  0.00   0.1   8.0   07:57    SE
 5  89.2 101.1   14:42  79.3   09:53   0.0   9.2  0.00   0.9  14.0   09:53   NNE
 6  94.2 110.9   14:32  78.9   06:05   0.0  14.3  0.00   0.1   7.0   13:35    SE
 7  97.5 112.6   15:34  83.3   06:09   0.0  17.4  0.00   0.2   9.0   13:48   SSW
 8  96.9 111.9   15:17  81.5   05:56   0.0  16.9  0.00   0.2   7.0   13:27    SW
 9  85.6  96.9   10:35  72.4   12:09   0.0   6.1  0.51   0.2  11.0   11:22   ENE
10  88.6 101.6   15:42  78.4   05:55   0.0   8.8  0.00   0.3  14.0   22:27     S
11  85.7  98.6   16:31  74.6   05:55   0.0   6.7  0.14   0.3   8.0   10:46   SSE
12  90.2 104.5   16:46  79.1   05:44   0.0  10.3  0.00   0.6  17.0   17:30    NW
13  96.4 108.9   15:34  82.3   03:13   0.0  10.2  0.00   0.3   8.0   17:43   ESE
14  93.8 109.8   15:31  79.3   03:51   0.0  13.8  0.00   0.1   7.0   11:58   SSE
15  96.6 111.3   14:09  84.2   02:19   0.0  16.6  0.00   0.2   7.0   11:23     S
16  96.3 115.4   15:16  81.3   06:44   0.0  16.3  0.00   0.8  16.0   18:48    NE
17  97.6 112.0   14:40  85.2   05:42   0.0  17.6  0.00   0.7  15.0   22:19   NNW
18  92.7 104.0   14:21  86.5   06:28   0.0  12.7  0.00   2.2  16.0   04:45   NNW
19  94.0 103.5   16:54  81.7   03:29   0.0   9.9  0.00   1.4  23.0   02:09    NW
20  87.0 101.0   14:53  77.1   05:51   0.0   7.4  0.00   0.9  19.0   18:05     N
21  87.5 101.8   16:52  77.4   06:28   0.0   7.8  0.00   0.3  11.0   18:06     W
22  87.6 103.5   14:32  73.8   06:20   0.0   8.7  0.00   0.4  11.0   17:08     W
23  85.4  97.5   15:58  69.5   06:05   0.0   6.6  0.01   1.7  17.0   04:05     N
24  87.4 103.5   15:32  74.4   06:14   0.0   8.0  0.00   1.0  17.0   18:28     N
25  90.0 104.2   15:24   0.0   00:21   0.0  10.5  0.00   0.4   8.0   14:39     W
26  88.2  99.9   16:14  78.3   04:37   0.0   8.3  0.00   1.1  11.0   07:03   NNE
27  86.3  99.8   15:50  75.4   07:27   0.0   6.7  0.01   0.7  11.0   09:09     N
28  86.7 101.2   14:10  71.7   06:31   0.0   8.2  0.00   0.3  10.0   15:28     W
29  92.1 108.5   16:10  79.5   00:05   0.0  12.1  0.00   0.7  11.0   09:53    NW
30  92.4 110.8   14:12  78.0   05:47   0.0  12.5  0.00   0.3  12.0   16:26   NNW
31  92.9 109.9   15:30  81.6   06:20   0.0  12.9  0.00   0.3  13.0   20:02   ESE
----------------------------------------------------------------------------------
    90.5 115.4    16     0.0    25     0.0 324.4  1.17   0.6  23.0    19     NNW

Max >=  80.0: 31
Max <=  32.0:  0
Min <=  32.0:  1
Min <=   0.0:  1
Max Rain: 0.51 on day 9
Days of Rain: 6 (>= 0.01 in)  3 (>= 0.10 in)  0 (>= 1.00 in)
Heat Base: 50.0  Cool Base: 80.0  Method: Integration