NOAA-Style Climate Reports

Select a Year or Month report
2018: Jan Feb Mar Apr May Jun Jul Aug Sep Oct Nov Dec
2017: Jan Feb Mar Apr May Jun Jul Aug Sep Oct Nov Dec
2016: Jan Feb Mar Apr May Jun Jul Aug Sep Oct Nov Dec
2015: Jan Feb Mar Apr May Jun Jul Aug Sep Oct Nov Dec

Report for 2016 July
                   Monthly Climatological Summary for Jul 2016

Name: AD5VG   City: Mesa   State: AZ
Elevation: 1578 ft  Lat: N 33° 24' 16"   Lon: W 111° 35' 48"

                  Temperature (°F), Rain (in), Wind Speed (mph)

                                      Heat  Cool        Avg
    Mean                              Deg   Deg         Wind                 Dom
Day Temp  High   Time   Low    Time   Days  Days  Rain  Speed High   Time    Dir
----------------------------------------------------------------------------------
 1  82.9  95.9   15:32  71.3   06:46   0.0   4.7  0.30   0.3  10.0   05:35   ESE
 2  90.2 104.3   15:05  78.3   04:05   0.0  10.4  0.00   0.8  12.0   07:30   ENE
 3  93.8 110.4   15:10  78.8   05:16   0.0  13.9  0.00   0.2   8.0   15:34   SSE
 4  95.9 111.0   15:04  79.4   05:45   0.0  16.0  0.00   0.4  10.0   14:12    SW
 5  95.9 111.0   15:26  81.0   06:14   0.0  15.9  0.00   0.4  10.0   12:25     W
 6  94.0 108.2   15:13  78.2   06:04   0.0  14.1  0.00   0.3  11.0   13:46   WSW
 7  94.7 108.8   15:05  80.6   05:53   0.0  14.7  0.00   0.4  10.0   15:45     W
 8  94.9 110.6   15:52  78.2   05:28   0.0  15.0  0.00   0.3   9.0   14:26     W
 9  96.3 112.1   15:00  79.7   05:41   0.0  16.3  0.00   0.3   8.0   15:12   WNW
10  95.8 111.7   16:16  80.2   05:30   0.0  15.8  0.00   0.4  12.0   16:58     W
11  93.8 110.9   14:20  76.0   05:31   0.0  14.0  0.00   0.5  10.0   13:44   WSW
12  94.4 113.3   15:21  77.4   04:14   0.0  14.7  0.00   0.3  11.0   14:55   WSW
13  94.5 110.9   14:33  76.6   06:00   0.0  14.9  0.00   0.2   9.0   13:44   WSW
14  96.5 111.2   15:08  81.3   05:40   0.0  16.5  0.00   0.3   9.0   14:48     W
15  96.7 112.1   15:43  81.7   05:37   0.0  16.7  0.00   0.5  11.0   18:03     W
16  96.0 109.8   14:49  84.1   05:47   0.0  16.0  0.00   0.3   9.0   15:11    NW
17  94.7 106.3   15:34  87.0   05:36   0.0  14.5  0.00   0.4  11.0   12:38   WSW
18  94.2 109.7   14:13  84.7   19:34   0.0  13.4  0.01   0.3  15.0   18:24   WSW
19  94.6 110.3   16:33  81.7   05:53   0.0  14.6  0.00   0.5  12.0   18:55     W
20  95.9 111.4   14:06  81.9   01:48   0.0  15.9  0.00   0.8  12.0   17:56    SE
21  99.1 113.4   16:10  83.5   05:44   0.0  19.1  0.00   0.2   9.0   14:31    NW
22 100.3 115.0   15:48  87.4   06:22   0.0  20.3  0.00   1.2  15.0   18:43   NNW
23  98.3 110.7   16:57  84.7   05:19   0.0  18.3  0.00   0.5  12.0   14:23    NW
24  96.0 105.8   17:46  84.4   06:00   0.0  16.0  0.00   0.7  11.0   12:56    NW
25  95.4 108.7   16:23  85.0   05:55   0.0  15.4  0.00   0.9  17.0   19:50   NNW
26  98.0 110.9   14:19  85.1   06:19   0.0  18.0  0.00   0.4  10.0   22:52   WNW
27  98.2 112.0   14:07  85.1   05:37   0.0  18.2  0.00   0.6  10.0   21:26   SSW
28  98.3 113.7   16:36  85.0   06:14   0.0  18.3  0.00   0.5  12.0   17:54   WNW
29  95.5 113.4   15:16  74.2   23:11   0.0  16.2  0.24   0.7  15.0   19:52   NNW
30  89.9 104.3   14:30  76.1   00:24   0.0  10.4  0.01   0.2   9.0   15:08    SW
31  89.8 102.8   15:05  80.4   06:13   0.0   9.8  0.00   1.3  16.0   20:34   NNW
----------------------------------------------------------------------------------
    95.0 115.0    22    71.3     1     0.0 468.0  0.56   0.5  17.0    25     WNW

Max >=  80.0: 31
Max <=  32.0:  0
Min <=  32.0:  0
Min <=   0.0:  0
Max Rain: 0.30 on day 1
Days of Rain: 4 (>= 0.01 in)  2 (>= 0.10 in)  0 (>= 1.00 in)
Heat Base: 50.0  Cool Base: 80.0  Method: Integration