NOAA-Style Climate Reports

Select a Year or Month report
2018: Jan Feb Mar Apr May Jun Jul Aug Sep Oct Nov Dec
2017: Jan Feb Mar Apr May Jun Jul Aug Sep Oct Nov Dec
2016: Jan Feb Mar Apr May Jun Jul Aug Sep Oct Nov Dec
2015: Jan Feb Mar Apr May Jun Jul Aug Sep Oct Nov Dec

Report for 2016 June
                   Monthly Climatological Summary for Jun 2016

Name: AD5VG   City: Mesa   State: AZ
Elevation: 1578 ft  Lat: N 33° 24' 16"   Lon: W 111° 35' 48"

                  Temperature (°F), Rain (in), Wind Speed (mph)

                                      Heat  Cool        Avg
    Mean                              Deg   Deg         Wind                 Dom
Day Temp  High   Time   Low    Time   Days  Days  Rain  Speed High   Time    Dir
----------------------------------------------------------------------------------
 1  87.5 102.7   15:11  71.1   05:43   0.0   8.9  0.00   0.3   9.0   11:23     W
 2  89.6 108.0   14:51  69.5   04:47   0.0  11.7  0.00   0.3  10.0   17:46     W
 3  93.6 112.8   16:00  71.9   04:58   0.0  14.8  0.00   0.3  12.0   16:35   WSW
 4  95.6 116.5   14:22  73.6   05:35   0.0  16.5  0.00   0.4  10.0   15:36   WSW
 5  96.7 115.5   14:27  75.4   05:15   0.0  17.2  0.00   0.4   9.0   14:54     W
 6  95.7 114.0   16:06  77.0   06:22   0.0  15.9  0.00   0.4  12.0   17:12   WSW
 7  93.0 109.7   15:02  78.7   05:03   0.0  13.1  0.00   0.3  10.0   15:40   WSW
 8  91.9 107.4   16:25  76.8   02:27   0.0  12.3  0.00   0.3   9.0   14:20   WSW
 9  92.0 105.1   13:54  79.3   04:40   0.0  12.0  0.00   0.5  10.0   16:54     W
10  88.4  99.5   14:39  77.0   05:35   0.0   8.5  0.00   0.9  11.0   14:00     W
11  86.6 104.7   15:24  75.2   04:45   0.0   4.9  0.00   0.3   8.0   01:10   NNW
12  87.0  92.2   20:06   0.0   20:06   0.0   1.2  0.00   0.0   9.0   13:17   WSW
13  87.4 101.3   16:28  71.6   05:59   0.0   8.6  0.00   0.5  13.0   14:19   WSW
14  86.6 103.5   14:08  70.9   06:04   0.0   8.9  0.00   0.3   9.0   13:02    SW
15  73.7  87.1   08:58  68.6   05:40   0.0   0.2  0.00   0.0   6.0   07:33   ---
16  93.3 105.3   15:54   0.0   06:30   0.0  10.0  0.00   0.4   8.0   11:31     W
17  89.4 108.6   15:51  69.8   06:02   0.0  11.5  0.00   0.2   7.0   13:55   WSW
18  94.2 111.8   15:22  73.7   04:39   0.0  14.8  0.00   0.4  10.0   16:33     W
19  99.5 119.7   16:12  77.0   04:24   0.0  19.8  0.00   0.5  10.0   14:22     W
20 102.1 119.0   15:07  83.8   03:45   0.0  22.1  0.00   0.5  12.0   20:59   SSW
21  99.1 112.2   16:01  86.8   05:59   0.0  19.1  0.00   0.5  11.0   16:56   WSW
22  98.3 113.7   15:10  81.8   05:42   0.0  18.3  0.00   0.3  10.0   15:37     W
23  97.0 112.4   12:55  85.3   05:15   0.0  17.0  0.00   0.3  10.0   15:46     S
24  97.3 110.7   16:46  82.5   05:50   0.0  17.3  0.00   0.3  10.0   13:12    SW
25  95.7 110.4   16:01  81.2   06:08   0.0  15.7  0.00   0.3   9.0   13:06   WSW
26  94.3 105.8   15:40  85.5   05:44   0.0  14.3  0.00   0.1   7.0   00:28    SW
27  96.6 113.1   14:51  83.0   05:13   0.0  16.6  0.01   0.5  13.0   21:26    NW
28  99.2 114.5   15:42  83.1   04:45   0.0  19.2  0.00   0.4  12.0   20:06   SSW
29  94.6 107.4   16:06  82.9   05:31   0.0  14.6  0.00   0.8  22.0   20:44   ENE
30  84.8  92.8   17:28  76.1   05:32   0.0   5.5  0.00   0.1   7.0   01:33    SE
----------------------------------------------------------------------------------
    92.7 119.7    19     0.0    12     0.0 390.5  0.01   0.4  22.0    29     WSW

Max >=  80.0: 30
Max <=  32.0:  0
Min <=  32.0:  2
Min <=   0.0:  2
Max Rain: 0.01 on day 27
Days of Rain: 1 (>= 0.01 in)  0 (>= 0.10 in)  0 (>= 1.00 in)
Heat Base: 50.0  Cool Base: 80.0  Method: Integration