NOAA-Style Climate Reports

Select a Year or Month report
2018: Jan Feb Mar Apr May Jun Jul Aug Sep Oct Nov Dec
2017: Jan Feb Mar Apr May Jun Jul Aug Sep Oct Nov Dec
2016: Jan Feb Mar Apr May Jun Jul Aug Sep Oct Nov Dec
2015: Jan Feb Mar Apr May Jun Jul Aug Sep Oct Nov Dec

Report for 2016 May
                   Monthly Climatological Summary for May 2016

Name: AD5VG   City: Mesa   State: AZ
Elevation: 1578 ft  Lat: N 33° 24' 16"   Lon: W 111° 35' 48"

                  Temperature (°F), Rain (in), Wind Speed (mph)

                                      Heat  Cool        Avg
    Mean                              Deg   Deg         Wind                 Dom
Day Temp  High   Time   Low    Time   Days  Days  Rain  Speed High   Time    Dir
----------------------------------------------------------------------------------
 1  67.7  83.6   14:54  55.2   01:36   0.0   0.1  0.00   0.2   9.0   07:23   SSE
 2  75.2  90.5   15:32  59.4   04:49   0.0   2.3  0.00   0.6  12.0   22:02     N
 3  80.7  97.2   14:40  68.9   05:39   0.0   4.7  0.00   1.3  11.0   04:38   NNE
 4  86.1 106.6   15:13  64.5   05:16   0.0   9.7  0.00   0.3  11.0   15:19     S
 5  82.2 100.3   15:24  64.3   05:49   0.0   6.5  0.00   0.5  13.0   16:35    SW
 6  71.1  84.6   14:21  58.9   23:58   0.0   0.5  0.00   0.9  14.0   15:36   WSW
 7  66.6  81.1   15:33  51.5   05:43   0.0   0.0  0.18   0.1   9.0   12:21    SW
 8  68.9  82.0   13:52  57.3   06:11   0.0   0.1  0.02   0.2   8.0   14:31   WSW
 9  72.0  88.5   16:07  55.6   05:51   0.0   1.5  0.00   0.2   9.0   15:02   SSW
10  74.3  91.9   17:06  58.2   05:45   0.0   2.1  0.00   0.1   9.0   14:20    SW
11  79.5  98.4   15:15  61.1   05:15   0.0   5.0  0.00   0.3  10.0   14:56     W
12  84.9 105.9   15:22  63.7   06:10   0.0   8.8  0.00   0.1   8.0   16:50     W
13  86.5 104.4   15:26  66.6   05:27   0.0   9.2  0.00   0.3  10.0   14:08   WSW
14  88.0 104.1   15:20  70.4   04:59   0.0   9.0  0.00   0.4  18.0   15:46   WSW
15  81.9  97.9   14:48  65.8   05:27   0.0   5.6  0.00   0.8  14.0   13:26   WSW
16  79.7  94.9   14:41  64.4   05:54   0.0   4.3  0.00   0.3  11.0   15:17    SW
17  78.2  93.4   14:47  65.9   05:58   0.0   3.3  0.00   0.8  12.0   20:32     W
18  75.9  86.7   15:42  67.8   05:51   0.0   1.0  0.00   0.7  16.0   12:01     N
19  79.4  94.9   15:41  63.5   05:54   0.0   4.3  0.00   0.3   8.0   13:00    SW
20  84.2 100.4   15:00  70.3   02:11   0.0   6.9  0.00   0.8  12.0   15:27    SW
21  79.8  94.1   14:45  67.3   05:57   0.0   3.8  0.00   1.2  15.0   16:06    SW
22  76.9  91.4   16:14  63.4   05:43   0.0   2.9  0.00   0.4  13.0   12:35   WSW
23  76.3  92.8   14:27  57.8   05:47   0.0   3.4  0.00   0.2  11.0   14:04   WSW
24  76.7  92.4   14:04  59.5   05:20   0.0   3.2  0.00   0.3  10.0   10:56   WSW
25  76.4  93.6   14:24  58.1   05:27   0.0   3.7  0.00   0.8  13.0   15:26   WSW
26  73.4  87.0   15:11  61.7   05:28   0.0   1.1  0.00   0.3   9.0   12:50     W
27  77.9  95.8   15:44  59.6   04:59   0.0   4.1  0.00   0.3   8.0   11:55   WNW
28  82.7 101.6   15:03  63.5   05:47   0.0   7.0  0.00   0.3  13.0   15:25   WSW
29  83.3 101.7   15:37  63.5   05:30   0.0   7.4  0.00   0.2  12.0   16:00   WSW
30  81.4  98.1   14:22  64.1   05:00   0.0   5.5  0.00   0.2  11.0   14:31   WSW
31  83.9  99.9   15:21  65.1   06:07   0.0   7.2  0.00   0.4  10.0   15:52     W
----------------------------------------------------------------------------------
    78.4 106.6     4    51.5     7     0.0 134.2  0.20   0.4  18.0    14     WSW

Max >=  80.0: 31
Max <=  32.0:  0
Min <=  32.0:  0
Min <=   0.0:  0
Max Rain: 0.18 on day 7
Days of Rain: 2 (>= 0.01 in)  1 (>= 0.10 in)  0 (>= 1.00 in)
Heat Base: 50.0  Cool Base: 80.0  Method: Integration