NOAA-Style Climate Reports

Select a Year or Month report
2018: Jan Feb Mar Apr May Jun Jul Aug Sep Oct Nov Dec
2017: Jan Feb Mar Apr May Jun Jul Aug Sep Oct Nov Dec
2016: Jan Feb Mar Apr May Jun Jul Aug Sep Oct Nov Dec
2015: Jan Feb Mar Apr May Jun Jul Aug Sep Oct Nov Dec

Report for 2016 April
                   Monthly Climatological Summary for Apr 2016

Name: AD5VG   City: Mesa   State: AZ
Elevation: 1578 ft  Lat: N 33° 24' 16"   Lon: W 111° 35' 48"

                  Temperature (°F), Rain (in), Wind Speed (mph)

                                      Heat  Cool        Avg
    Mean                              Deg   Deg         Wind                 Dom
Day Temp  High   Time   Low    Time   Days  Days  Rain  Speed High   Time    Dir
----------------------------------------------------------------------------------
 1  64.6  81.9   16:20  50.3   01:23   0.0   0.0  0.00   0.2  10.0   11:26   WNW
 2  69.3  85.5   16:37  52.3   06:43   0.0   0.8  0.00   0.4   9.0   03:33   WNW
 3  74.7  92.5   14:36  61.1   01:18   0.0   2.7  0.00   0.3   8.0   07:19    NW
 4  75.2  94.6   15:08  56.0   06:31   0.0   3.5  0.00   0.2   8.0   13:29   WNW
 5  75.3  92.7   15:30  57.6   05:56   0.0   3.2  0.00   0.1   8.0   15:36     W
 6  80.5  97.0   16:36  62.7   03:24   0.0   4.5  0.00   1.5  13.0   08:55   NNE
 7  78.2  89.7   12:48  64.4   23:58   0.0   2.4  0.01   0.5  10.0   19:01   WSW
 8  69.2  86.4   14:41  59.0   06:14   0.0   0.7  0.12   0.4  11.0   17:55     S
 9  70.6  85.2   15:28  58.2   05:10   0.0   0.8  0.00   0.1   8.0   13:43    SE
10  59.3  68.4   10:48  52.7   22:57   0.0   0.0  0.33   0.3  15.0   11:24   WSW
11  64.0  80.6   15:54  50.5   02:44   0.0   0.0  0.00   0.1   7.0   16:14   WNW
12  68.3  83.3   16:17  54.9   06:43   0.0   0.2  0.00   0.3   8.0   14:03   WSW
13  72.1  89.3   14:17  55.4   06:27   0.0   1.9  0.00   0.1   7.0   12:42   WSW
14  78.9  90.8   15:20   0.0   06:24   0.0   2.7  0.00   0.3   9.0   13:58   WSW
15  70.1  81.5   13:39  58.4   06:22   0.0   0.1  0.00   2.0  22.0   15:28   WNW
16  66.4  81.5   16:35  50.8   06:31   0.0   0.0  0.00   0.6  11.0   00:14    NW
17  71.3  83.4   15:22  62.6   06:22   0.0   0.1  0.00   1.4  12.0   07:29     N
18  72.6  88.0   15:29  61.8   05:28   0.0   1.1  0.00   0.7  10.0   13:27    NW
19  74.4  91.4   16:01  55.6   06:20   0.0   2.7  0.00   0.4  10.0   14:17     W
20  77.3  97.2   14:53  58.3   04:22   0.0   4.8  0.00   0.2   7.0   13:58   WSW
21  79.7 101.0   15:07  59.9   06:07   0.0   5.8  0.00   0.0   7.0   14:13     W
22  81.9  99.8   15:02  62.6   06:09   0.0   6.6  0.00   0.3  12.0   15:40   WSW
23  76.5  89.3   14:52  64.4   06:42   0.0   2.2  0.00   0.7  14.0   14:37   WSW
24  73.4  91.8   15:03  55.2   05:26   0.0   2.6  0.00   0.3  12.0   13:12    SW
25  69.7  80.3   14:45  61.8   23:06   0.0   0.0  0.00   1.9  20.0   11:27   WSW
26  65.2  79.7   15:45  50.3   06:38   0.0   0.0  0.00   0.4   8.0   00:09     W
27  69.7  86.8   16:19  51.6   05:52   0.0   1.0  0.00   0.3   9.0   16:23   WSW
28  66.6  77.8   13:54  57.4   06:04   0.0   0.0  0.00   0.7  15.0   12:04   WSW
29  68.4  82.5   15:34  56.3   03:22   0.0   0.1  0.00   0.4  11.0   15:25   WSW
30  67.2  83.2   12:18  57.7   23:58   0.0   0.2  0.00   0.9  16.0   17:01   NNW
----------------------------------------------------------------------------------
    71.7 101.0    21     0.0    14     0.0  50.7  0.46   0.5  22.0    15     WNW

Max >=  80.0: 27
Max <=  32.0:  0
Min <=  32.0:  1
Min <=   0.0:  1
Max Rain: 0.33 on day 10
Days of Rain: 3 (>= 0.01 in)  2 (>= 0.10 in)  0 (>= 1.00 in)
Heat Base: 50.0  Cool Base: 80.0  Method: Integration