NOAA-Style Climate Reports

Select a Year or Month report
2018: Jan Feb Mar Apr May Jun Jul Aug Sep Oct Nov Dec
2017: Jan Feb Mar Apr May Jun Jul Aug Sep Oct Nov Dec
2016: Jan Feb Mar Apr May Jun Jul Aug Sep Oct Nov Dec
2015: Jan Feb Mar Apr May Jun Jul Aug Sep Oct Nov Dec

Report for 2016 March
                   Monthly Climatological Summary for Mar 2016

Name: AD5VG   City: Mesa   State: AZ
Elevation: 1578 ft  Lat: N 33° 24' 16"   Lon: W 111° 35' 48"

                  Temperature (°F), Rain (in), Wind Speed (mph)

                                      Heat  Cool        Avg
    Mean                              Deg   Deg         Wind                 Dom
Day Temp  High   Time   Low    Time   Days  Days  Rain  Speed High   Time    Dir
----------------------------------------------------------------------------------
 1  69.9  88.2   14:53  54.5   06:34   0.0   1.3  0.00   0.1   6.0   16:51   NNW
 2  70.6  88.3   15:23  53.2   04:18   0.0   1.9  0.00   0.1   7.0   16:40    NW
 3  72.0  89.8   15:20  52.8   07:44   0.0   1.2  0.00   0.1   4.0   11:09   WNW
 4  71.2  90.3   14:44  54.2   05:27   0.0   2.1  0.00   0.3  10.0   15:49   WNW
 5  70.0  84.1   14:11  55.4   07:34   0.0   0.3  0.00   0.1   6.0   11:10    NW
 6  69.1  82.6   15:07  58.9   05:15   0.0   0.1  0.00   0.4  12.0   22:01     W
 7  59.4  71.7   14:49  45.7   07:13   0.3   0.0  0.00   0.4  15.0   16:47     W
 8  57.3  71.0   16:02  47.7   07:15   0.3   0.0  0.00   0.5   9.0   00:44   WNW
 9  62.2  78.8   15:45  46.0   07:10   0.5   0.0  0.00   0.2   8.0   16:26   WNW
10  69.9  88.1   15:58  49.7   07:01   0.0   1.1  0.00   0.1   6.0   15:03   WNW
11  68.4  90.3   15:08  49.7   06:56   0.0   1.4  0.00   0.1   9.0   16:20     W
12  60.3  69.6   15:17  49.7   07:15   0.0   0.0  0.00   0.6  11.0   13:02     W
13  62.0  79.0   15:30  45.0   07:15   0.7   0.0  0.00   0.2   8.0   13:32   WNW
14  65.0  80.9   14:54  50.0   06:30   0.0   0.0  0.00   0.1  10.0   15:49     W
15  67.4  85.5   15:48  51.0   06:51   0.0   0.7  0.00   0.3   9.0   14:07    NW
16  69.0  88.7   16:08  50.8   06:33   0.0   1.4  0.00   0.4   7.0   15:30    NW
17  70.4  89.8   14:58  52.6   05:52   0.0   1.9  0.00   0.2   7.0   12:41   WNW
18  70.7  89.4   15:08  53.3   06:15   0.0   1.8  0.00   0.2  10.0   17:05     W
19  72.1  90.1   15:31  55.6   06:36   0.0   2.2  0.00   0.2   7.0   14:20     W
20  74.1  93.1   13:42  54.5   05:28   0.0   3.2  0.00   0.2   7.0   15:57     W
21  75.4  94.3   14:13  56.5   06:14   0.0   3.6  0.00   0.2   9.0   15:30     W
22  70.0  80.7   15:13  57.6   23:59   0.0   0.0  0.00   1.3  16.0   11:51   WSW
23  62.8  74.9   16:43  53.2   02:19   0.0   0.0  0.00   1.6  15.0   09:36   NNW
24  63.5  80.3   13:53  46.4   06:40   0.5   0.0  0.00   0.3   9.0   15:11     W
25  67.1  85.7   16:03  49.7   06:33   0.0   0.7  0.00   0.2  10.0   15:44     W
26  70.0  85.6   14:54  55.9   01:56   0.0   0.9  0.00   0.4  10.0   17:11   WSW
27  70.6  88.7   14:35  53.1   05:30   0.0   1.8  0.00   0.2   9.0   15:50   WSW
28  70.5  84.1   12:19  56.7   05:57   0.0   0.5  0.00   0.9  19.0   15:52   WSW
29  59.6  69.8   15:18  51.9   23:59   0.0   0.0  0.00   0.6  11.0   08:55   WSW
30  58.7  71.6   14:29  48.1   06:53   0.1   0.0  0.00   0.2   9.0   12:56   WSW
31  58.5  72.9   16:30  43.5   05:32   1.0   0.0  0.00   0.3   9.0   16:01   WNW
----------------------------------------------------------------------------------
    67.0  94.3    21    43.5    31     3.4  28.1  0.00   0.4  19.0    28       W

Max >=  80.0: 22
Max <=  32.0:  0
Min <=  32.0:  0
Min <=   0.0:  0
Max Rain: 0.00 on day 0
Days of Rain: 0 (>= 0.01 in)  0 (>= 0.10 in)  0 (>= 1.00 in)
Heat Base: 50.0  Cool Base: 80.0  Method: Integration