NOAA-Style Climate Reports

Select a Year or Month report
2018: Jan Feb Mar Apr May Jun Jul Aug Sep Oct Nov Dec
2017: Jan Feb Mar Apr May Jun Jul Aug Sep Oct Nov Dec
2016: Jan Feb Mar Apr May Jun Jul Aug Sep Oct Nov Dec
2015: Jan Feb Mar Apr May Jun Jul Aug Sep Oct Nov Dec

Report for 2016 February
                   Monthly Climatological Summary for Feb 2016

Name: AD5VG   City: Mesa   State: AZ
Elevation: 1578 ft  Lat: N 33° 24' 16"   Lon: W 111° 35' 48"

                  Temperature (°F), Rain (in), Wind Speed (mph)

                                      Heat  Cool        Avg
    Mean                              Deg   Deg         Wind                 Dom
Day Temp  High   Time   Low    Time   Days  Days  Rain  Speed High   Time    Dir
----------------------------------------------------------------------------------
 1  45.8  50.6   00:43  40.8   23:59   4.2   0.0  0.01   1.1  16.0   00:09   WSW
 2  41.0  52.9   16:20  30.8   07:45   9.2   0.0  0.00   0.3   8.0   11:53   WNW
 3  43.4  56.5   14:38  31.9   04:25   7.7   0.0  0.00   0.4  10.0   22:18   NNW
 4  50.1  62.7   16:33  37.0   07:55   2.5   0.0  0.00   1.4  12.0   06:38   NNE
 5  58.7  65.7   15:41   0.0   07:21   0.0   0.0  0.00   2.7  15.0   11:17    NE
 6  60.9  74.3   15:57  51.1   06:46   0.0   0.0  0.00   1.9  15.0   05:21   NNE
 7  65.7  79.3   15:58  49.5   08:12   0.0   0.0  0.00   1.8  15.0   03:53   NNE
 8  71.4  85.8   16:21  62.1   06:37   0.0   0.8  0.00   1.7  15.0   03:00   NNE
 9  72.0  85.3   17:03  63.3   07:36   0.0   0.7  0.00   1.5  11.0   02:57   NNE
10  69.9  84.9   15:59  52.5   05:51   0.0   0.5  0.00   0.6  10.0   00:19   NNE
11  68.3  84.7   15:28  50.8   07:35   0.0   0.5  0.00   0.3   6.0   13:23   NNW
12  65.8  87.5   15:31  50.1   07:13   0.0   1.0  0.00   0.1   4.0   10:47   NNW
13  65.6  84.9   16:30  48.8   05:49   0.1   0.6  0.00   0.1   7.0   15:45    NW
14  63.8  81.1   15:29  50.0   07:25   0.0   0.0  0.00   0.1   7.0   16:01   WNW
15  67.8  84.0   14:58  51.4   03:18   0.0   0.6  0.00   0.6  12.0   08:48   NNW
16  67.3  87.2   15:14  51.1   06:51   0.0   0.9  0.00   0.1   5.0   14:39     N
17  70.2  91.6   15:44  52.1   06:50   0.0   2.2  0.00   0.0   5.0   08:36     N
18  66.9  82.9   14:01  53.7   06:56   0.0   0.1  0.00   0.2  10.0   09:19     E
19  71.0  84.3   14:18   0.0   06:58   0.0   0.2  0.00   0.1   5.0   16:22   ESE
20  66.4  84.8   15:02  49.6   05:20   0.0   0.7  0.00   0.2   6.0   14:52    SE
21  66.2  84.5   15:01  50.4   07:25   0.0   0.6  0.00   0.1   6.0   15:16   SSE
22  64.8  80.2   16:17  48.9   06:41   0.0   0.0  0.00   0.8  14.0   16:46     W
23  62.6  71.8   16:19  54.5   07:03   0.0   0.0  0.00   1.3  11.0   00:38     N
24  63.6  78.7   16:34  53.6   00:17   0.0   0.0  0.00   1.0  12.0   09:20   NNE
25  68.1  83.4   17:04  52.0   07:29   0.0   0.3  0.00   0.4   9.0   04:10   NNE
26  71.8  89.9   15:29  54.6   07:32   0.0   1.3  0.00   0.5   8.0   08:36   NNE
27  67.9  86.5   15:45  51.9   07:12   0.0   0.9  0.00   0.2   6.0   16:24     N
28  67.9  86.5   15:58  52.0   06:39   0.0   0.9  0.00   0.1   6.0   15:49   NNW
29  69.4  87.2   15:31  53.4   07:06   0.0   1.2  0.00   0.1   6.0   15:43   NNW
----------------------------------------------------------------------------------
    63.9  91.6    17     0.0     5    23.7  14.0  0.01   0.7  16.0     1     NNE

Max >=  80.0: 20
Max <=  32.0:  0
Min <=  32.0:  4
Min <=   0.0:  2
Max Rain: 0.01 on day 1
Days of Rain: 1 (>= 0.01 in)  0 (>= 0.10 in)  0 (>= 1.00 in)
Heat Base: 50.0  Cool Base: 80.0  Method: Integration