NOAA-Style Climate Reports

Select a Year or Month report
2018: Jan Feb Mar Apr May Jun Jul Aug Sep Oct Nov Dec
2017: Jan Feb Mar Apr May Jun Jul Aug Sep Oct Nov Dec
2016: Jan Feb Mar Apr May Jun Jul Aug Sep Oct Nov Dec
2015: Jan Feb Mar Apr May Jun Jul Aug Sep Oct Nov Dec

Report for 2016 January
                   Monthly Climatological Summary for Jan 2016

Name: AD5VG   City: Mesa   State: AZ
Elevation: 1578 ft  Lat: N 33° 24' 16"   Lon: W 111° 35' 48"

                  Temperature (°F), Rain (in), Wind Speed (mph)

                                      Heat  Cool        Avg
    Mean                              Deg   Deg         Wind                 Dom
Day Temp  High   Time   Low    Time   Days  Days  Rain  Speed High   Time    Dir
----------------------------------------------------------------------------------
 1  49.6  67.8   16:47  34.0   07:56   5.4   0.0  0.00   0.3   8.0   23:15    NW
 2  57.0  68.2   15:21  49.1   06:37   0.1   0.0  0.00   1.6  13.0   02:13   NNE
 3  59.2  67.8   14:22  51.8   07:29   0.0   0.0  0.00   1.9  10.0   04:07   NNE
 4  55.4  60.9   02:57  49.5   23:50   0.0   0.0  0.13   0.3  10.0   10:40   ENE
 5  52.2  60.0   13:22  48.6   07:03   0.3   0.0  0.07   0.1   7.0   22:59     E
 6  51.4  59.0   13:22  46.0   22:20   1.0   0.0  0.37   0.3  12.0   04:19    SW
 7  46.0  48.4   15:48  42.0   22:48   4.0   0.0  0.37   0.2  14.0   11:51     S
 8  45.4  54.3   16:19  40.3   06:24   4.8   0.0  0.01   0.0   6.0   14:52   SSE
 9  46.1  58.3   15:45  36.9   07:16   5.4   0.0  0.00   0.0   4.0   14:33   ---
10  45.9  55.8   15:12  38.8   04:58   5.0   0.0  0.00   0.0   4.0   12:58   SSE
11  47.4  59.7   15:29  36.7   07:58   4.5   0.0  0.01   0.5   9.0   08:33    NE
12  50.5  66.5   15:55  36.4   06:40   3.6   0.0  0.00   0.1  11.0   08:11   NNE
13  51.6  68.0   16:02  40.1   08:11   2.4   0.0  0.00   0.2   8.0   02:27   NNE
14  48.9  64.6   15:14  37.2   07:59   4.4   0.0  0.00   0.0   4.0   13:20   NNE
15  49.0  59.8   13:06  39.0   06:58   2.8   0.0  0.00   0.1   6.0   10:30    NE
16  48.1  61.3   14:44  35.1   07:14   5.0   0.0  0.00   0.0   4.0   10:08    NE
17  51.4  68.2   15:57  39.2   06:11   3.5   0.0  0.00   0.0   5.0   11:56    NE
18  52.7  70.8   14:39  40.9   06:39   2.9   0.0  0.00   0.0   4.0   13:22   ---
19  54.1  67.8   16:10  41.0   07:29   2.7   0.0  0.00   0.1   6.0   13:31    NE
20  54.8  69.0   14:59  42.4   07:44   1.5   0.0  0.00   0.0   6.0   15:08    NE
21  56.5  69.8   14:53  42.9   06:11   1.5   0.0  0.00   1.1  14.0   11:36   NNE
22  62.3  75.6   15:44  50.9   01:00   0.0   0.0  0.00   0.9  12.0   09:58   NNE
23  57.8  75.1   15:12  44.9   07:46   0.5   0.0  0.00   0.0   4.0   13:56   NNE
24  53.1  65.7   15:38  43.5   06:32   1.7   0.0  0.00   0.1   7.0   12:55   NNE
25  53.3  66.8   15:14  43.6   05:41   2.1   0.0  0.00   0.1   7.0   23:54     N
26  56.5  66.3   16:09  49.5   06:56   0.0   0.0  0.00   2.3  15.0   10:48   NNE
27  57.8  71.0   15:28  48.7   07:52   0.0   0.0  0.00   0.6  10.0   09:52   NNE
28  55.3  73.6   15:45  41.7   05:45   1.8   0.0  0.00   0.1   5.0   11:41   NNW
29  56.5  72.5   16:07  41.4   07:15   1.2   0.0  0.00   0.1   6.0   12:08   NNW
30  58.5  75.7   14:21  44.2   07:25   1.3   0.0  0.00   0.1   8.0   16:04    NW
31  62.9  74.8   13:04  49.5   07:24   0.0   0.0  0.18   0.9  19.0   23:15   WSW
----------------------------------------------------------------------------------
    53.1  75.7    30    34.0     1    69.4   0.0  1.14   0.4  19.0    31     NNE

Max >=  80.0:  0
Max <=  32.0:  0
Min <=  32.0:  0
Min <=   0.0:  0
Max Rain: 0.37 on day 6
Days of Rain: 7 (>= 0.01 in)  4 (>= 0.10 in)  0 (>= 1.00 in)
Heat Base: 50.0  Cool Base: 80.0  Method: Integration