NOAA-Style Climate Reports

Select a Year or Month report
2018: Jan Feb Mar Apr May Jun Jul Aug Sep Oct Nov Dec
2017: Jan Feb Mar Apr May Jun Jul Aug Sep Oct Nov Dec
2016: Jan Feb Mar Apr May Jun Jul Aug Sep Oct Nov Dec
2015: Jan Feb Mar Apr May Jun Jul Aug Sep Oct Nov Dec

Report for 2016
                   Annual Climatological Summary for 2016

Name: AD5VG   City: Mesa   State: AZ
Elevation: 1578 ft  Lat: N 33° 24' 16"   Lon: W 111° 35' 48"

                  Temperature (°F), Heat Base: 50.0  Cool Base: 80.0
                          Dep.  Heat  Cool                       Max  Max  Min  Min
        Mean  Mean        From  Deg   Deg                        >=   <=   <=   <=
 YR MO  Max   Min   Mean  Norm  Days  Days  Hi  Date  Low  Date 80.0 32.0 32.0   0.0
------------------------------------------------------------------------------------
 16  1  65.9  42.8  53.1   0.0    69     0  75.7  30  34.0    1    0    0    0    0
 16  2  79.3  46.5  63.9   0.0    23    13  91.6  17   0.0    5   20    0    4    2
 16  3  83.2  51.7  67.0   0.0     3    28  94.3  21  43.5   31   22    0    0    0
 16  4  87.1  55.3  71.7   0.0     0    50 101.0  21   0.0   14   27    0    1    1
 16  5  94.7  62.5  78.4   0.0     0   134 106.6   4  51.5    7   31    0    0    0
 16  6 107.9  72.3  92.7   0.0     0   390 119.7  19   0.0   12   30    0    2    2
 16  7 109.7  80.9  95.0   0.0     0   467 115.0  22  71.3    1   31    0    0    0
 16  8 104.7  75.8  90.5   0.0     0   324 115.4  16   0.0   25   31    0    1    1
 16  9  98.2  62.1  84.0   0.0     0   178 108.4  18   0.0   15   30    0    4    4
 16 10  94.4  60.8  78.8   0.0     0   119 102.2  27   0.0    8   31    0    2    2
 16 11  77.5  52.8  65.4   0.0    10     8  89.1   8   0.0   28   15    0    1    1
 16 12  67.7  44.6  55.9   0.0    37     0  77.9  14   0.0   16    0    0    1    1
------------------------------------------------------------------------------------
        89.2  59.0  74.7   0.0   144  1716 119.7 Jun   0.0  Feb  268    0   16   14

                                Precipitation (in)

              Dep.   Max        Days of Rain
              From   Obs.           >=
 YR MO Total  Norm   Day Date 0.01 0.10 1.00
---------------------------------------------
 16  1  1.14   0.0  0.37   6     7    4    0
 16  2  0.01   0.0  0.01   1     1    0    0
 16  3  0.00   0.0  0.00   0     0    0    0
 16  4  0.46   0.0  0.33  10     3    2    0
 16  5  0.20   0.0  0.18   7     2    1    0
 16  6  0.01   0.0  0.01  27     1    0    0
 16  7  0.56   0.0  0.30   1     4    2    0
 16  8  1.17   0.0  0.51   9     6    3    0
 16  9  0.06   0.0  0.03  20     4    0    0
 16 10  0.20   0.0  0.20   2     1    1    0
 16 11  0.19   0.0  0.13   3     3    1    0
 16 12  0.51   0.0  0.22  22     8    2    0
---------------------------------------------
        4.51   0.0  0.51  Aug   40   16    0

                                Wind Speed (mph)
                          Dom
 YR MO   Avg.  Hi   Date  Dir
------------------------------
 16  1   0.4  19.0   31   NNE
 16  2   0.7  16.0    1   NNE
 16  3   0.4  19.0   28     W
 16  4   0.5  22.0   15   WNW
 16  5   0.4  18.0   14   WSW
 16  6   0.4  22.0   29   WSW
 16  7   0.5  17.0   25   WNW
 16  8   0.6  23.0   19   NNW
 16  9   0.3  16.0   25   WNW
 16 10   0.2  13.0    2   NNW
 16 11   0.5  18.0   24   NNE
 16 12   0.4  19.0   24     N
------------------------------
         0.4  23.0  Aug    NW