NOAA-Style Climate Reports

Select a Year or Month report
2018: Jan Feb Mar Apr May Jun Jul Aug Sep Oct Nov Dec
2017: Jan Feb Mar Apr May Jun Jul Aug Sep Oct Nov Dec
2016: Jan Feb Mar Apr May Jun Jul Aug Sep Oct Nov Dec
2015: Jan Feb Mar Apr May Jun Jul Aug Sep Oct Nov Dec

Report for 2015 December
                   Monthly Climatological Summary for Dec 2015

Name: AD5VG   City: Mesa   State: AZ
Elevation: 1578 ft  Lat: N 33° 24' 16"   Lon: W 111° 35' 48"

                  Temperature (°F), Rain (in), Wind Speed (mph)

                                      Heat  Cool        Avg
    Mean                              Deg   Deg         Wind                 Dom
Day Temp  High   Time   Low    Time   Days  Days  Rain  Speed High   Time    Dir
----------------------------------------------------------------------------------
 1  46.8  64.2   15:21  33.7   07:24   6.3   0.0  0.00   0.1   6.0   12:27    NE
 2  51.2  71.9   16:20  33.5   07:35   4.3   0.0  0.00   0.0   5.0   00:10    NE
 3  59.7  77.0   16:16  50.3   01:42   0.0   0.0  0.00   0.4   7.0   04:41    NE
 4  57.3  74.8   13:36  42.2   06:40   1.4   0.0  0.00   0.0   3.0   09:42   ---
 5  58.2  76.6   16:30  42.9   07:23   1.3   0.0  0.00   0.2   9.0   22:24    NE
 6  64.6  81.0   14:42  44.7   06:39   0.5   0.0  0.00   1.3  12.0   00:08    NE
 7  65.1  80.4   15:01  53.2   05:03   0.0   0.0  0.00   0.4  10.0   09:34   NNE
 8  57.8  75.1   15:52  45.2   07:15   0.7   0.0  0.00   0.0   4.0   00:59   NNE
 9  57.2  72.6   14:18  45.0   06:58   0.6   0.0  0.00   0.0   4.0   11:18   NNE
10  61.9  79.5   15:41  47.9   07:17   0.1   0.0  0.00   0.0   4.0   11:01   NNE
11  58.0  63.1   14:33  49.8   23:59   0.0   0.0  0.01   0.0   5.0   22:51    NE
12  47.2  53.9   13:29  41.3   23:56   3.1   0.0  0.12   0.1   6.0   14:51    NE
13  45.9  59.4   15:24  35.2   07:47   5.9   0.0  0.01   0.0   6.0   12:38    NE
14  45.6  51.2   15:17  38.4   23:59   4.4   0.0  0.10   0.1  10.0   08:16   ENE
15  41.3  53.8   14:37  32.2   06:54   9.2   0.0  0.01   0.0   7.0   15:06   ENE
16  40.9  54.5   15:11  30.4   05:57   9.7   0.0  0.00   0.1   5.0   14:56   ENE
17  42.2  58.6   16:29  31.1   07:41   9.0   0.0  0.00   0.0   5.0   14:14   ENE
18  56.9  70.4   16:11  36.1   07:57   1.5   0.0  0.00   0.2   8.0   22:10   ENE
19  54.9  65.5   16:18  44.9   07:42   0.5   0.0  0.00   0.2   9.0   05:11   ENE
20  48.9  53.1   00:00  47.3   04:12   0.2   0.0  0.00   0.0   2.0   03:18   ---
21  49.8  60.5   14:36   0.0   03:37   2.8   0.0  0.00   0.2   8.0   15:08    NE
22  48.9  53.6   12:53  42.0   04:43   2.3   0.0  0.00   0.1   8.0   17:21    NE
23  55.7  65.7   14:03  51.1   00:00   0.0   0.0  0.04   0.2   9.0   12:22    NW
24  55.3  65.2   13:13  48.4   23:56   0.1   0.0  0.02   0.0   6.0   12:28   WSW
25  49.5  58.7   14:51  36.0   23:57   2.5   0.0  0.00   0.4  10.0   15:21     W
26  43.1  51.1   15:36  34.5   01:27   7.0   0.0  0.00   2.7  17.0   14:57     N
27  46.3  60.1   15:37  38.4   23:54   5.3   0.0  0.00   1.6  14.0   09:13   NNE
28  44.7  58.8   16:15  33.5   08:02   7.1   0.0  0.00   0.0   5.0   13:02   WSW
29  43.7  54.6   16:31  36.0   23:58   6.8   0.0  0.00   0.1   7.0   10:06     W
30  43.9  59.6   15:19  31.0   05:38   7.9   0.0  0.00   0.1   4.0   08:20   WNW
31  36.6  40.0   23:52  34.4   03:23   2.6   0.0  0.00   0.0   5.0   15:29   ---
----------------------------------------------------------------------------------
    50.9  81.0     6     0.0    21   103.1   0.0  0.31   0.3  17.0    26     NNE

Max >=  80.0:  2
Max <=  32.0:  0
Min <=  32.0:  4
Min <=   0.0:  1
Max Rain: 0.12 on day 12
Days of Rain: 7 (>= 0.01 in)  2 (>= 0.10 in)  0 (>= 1.00 in)
Heat Base: 50.0  Cool Base: 80.0  Method: Integration