NOAA-Style Climate Reports

Select a Year or Month report
2018: Jan Feb Mar Apr May Jun Jul Aug Sep Oct Nov Dec
2017: Jan Feb Mar Apr May Jun Jul Aug Sep Oct Nov Dec
2016: Jan Feb Mar Apr May Jun Jul Aug Sep Oct Nov Dec
2015: Jan Feb Mar Apr May Jun Jul Aug Sep Oct Nov Dec

Report for 2015 November
                   Monthly Climatological Summary for Nov 2015

Name: AD5VG   City: Mesa   State: AZ
Elevation: 1578 ft  Lat: N 33° 24' 16"   Lon: W 111° 35' 48"

                  Temperature (°F), Rain (in), Wind Speed (mph)

                                      Heat  Cool        Avg
    Mean                              Deg   Deg         Wind                 Dom
Day Temp  High   Time   Low    Time   Days  Days  Rain  Speed High   Time    Dir
----------------------------------------------------------------------------------
 1  66.9  85.8   15:35  52.1   07:12   0.0   0.6  0.00   0.0   4.0   12:29   WNW
 2  69.0  88.9   15:05  51.6   07:03   0.0   1.4  0.00   0.0   5.0   12:22   ---
 3  69.1  83.1   14:03  54.5   23:56   0.0   0.2  0.03   0.6  12.0   14:39   WSW
 4  56.1  65.8   16:21  49.4   23:43   0.0   0.0  0.07   0.5  13.0   18:20    NW
 5  54.7  66.7   16:09  42.4   06:55   1.3   0.0  0.00   0.3   8.0   16:09     N
 6  58.7  73.2   15:55  44.4   06:57   0.9   0.0  0.00   0.3   9.0   23:06   NNW
 7  67.3  81.7   16:07  58.7   07:07   0.0   0.0  0.00   1.4  12.0   01:29   NNE
 8  69.2  83.7   14:24  57.4   23:34   0.0   0.5  0.00   0.2  10.0   12:35   NNE
 9  64.2  81.4   15:46  51.9   06:43   0.0   0.1  0.00   0.0   5.0   15:20   ---
10  58.8  69.4   15:00  48.0   23:58   0.0   0.0  0.00   0.5  11.0   14:08    SW
11  53.0  67.2   15:22  40.2   05:16   2.5   0.0  0.00   0.1   7.0   23:28   WSW
12  63.4  76.0   15:30  46.8   06:51   0.1   0.0  0.00   1.0  11.0   02:57     N
13  64.3  74.9   12:30  60.2   06:50   0.0   0.0  0.00   2.3  12.0   06:19   NNE
14  65.7  79.8   14:39   0.0   07:09   0.0   0.0  0.00   0.0   6.0   13:52   NNE
15  58.3  67.3   11:27  52.8   00:46   0.0   0.0  0.19   0.1   8.0   06:34   ENE
16  51.4  56.8   00:00  44.4   23:11   0.7   0.0  0.01   0.7  14.0   13:32    SW
17  48.6  61.6   15:34  37.3   05:36   4.4   0.0  0.00   0.1   6.0   13:36   WSW
18  51.4  66.4   15:08  39.9   06:40   3.2   0.0  0.00   0.0   4.0   12:15   WSW
19  58.0  79.3   16:13  40.8   05:43   2.3   0.0  0.00   0.0   5.0   12:36   WSW
20  60.6  78.1   15:57  45.5   07:04   0.7   0.0  0.00   0.0   6.0   13:59   WSW
21  69.3  77.9   14:55  59.4   02:05   0.0   0.0  0.00   2.2  14.0   05:52   NNE
22  67.4  77.3   15:28  60.4   07:20   0.0   0.0  0.00   2.2  13.0   02:32    NE
23  67.4  82.5   14:56  54.4   23:49   0.0   0.1  0.00   0.6   9.0   08:40    NE
24  62.2  79.9   14:42  50.3   04:21   0.0   0.0  0.00   0.0   4.0   15:16   ---
25  62.7  71.6   12:47  51.8   23:58   0.0   0.0  0.00   0.0   6.0   08:34    NE
26  53.5  66.0   15:43  44.2   07:23   1.4   0.0  0.00   0.0   5.0   15:34    NE
27  48.6  61.9   14:55  38.0   06:22   4.4   0.0  0.00   0.1   6.0   13:43    NE
28  49.5  63.5   15:40  38.3   05:22   3.6   0.0  0.00   0.2   6.0   08:49    NE
29  47.0  60.7   15:37  35.1   07:30   5.5   0.0  0.00   0.1   7.0   13:43    NE
30  46.0  62.1   15:11  33.1   07:14   6.4   0.0  0.00   0.0   5.0   14:06    NE
----------------------------------------------------------------------------------
    59.4  88.9     2     0.0    14    37.4   2.9  0.30   0.4  14.0    16     NNE

Max >=  80.0:  7
Max <=  32.0:  0
Min <=  32.0:  1
Min <=   0.0:  1
Max Rain: 0.19 on day 15
Days of Rain: 4 (>= 0.01 in)  1 (>= 0.10 in)  0 (>= 1.00 in)
Heat Base: 50.0  Cool Base: 80.0  Method: Integration