NOAA-Style Climate Reports

Select a Year or Month report
2018: Jan Feb Mar Apr May Jun Jul Aug Sep Oct Nov Dec
2017: Jan Feb Mar Apr May Jun Jul Aug Sep Oct Nov Dec
2016: Jan Feb Mar Apr May Jun Jul Aug Sep Oct Nov Dec
2015: Jan Feb Mar Apr May Jun Jul Aug Sep Oct Nov Dec

Report for 2015 October
                   Monthly Climatological Summary for Oct 2015

Name: AD5VG   City: Mesa   State: AZ
Elevation: 1578 ft  Lat: N 33° 24' 16"   Lon: W 111° 35' 48"

                  Temperature (°F), Rain (in), Wind Speed (mph)

                                      Heat  Cool        Avg
    Mean                              Deg   Deg         Wind                 Dom
Day Temp  High   Time   Low    Time   Days  Days  Rain  Speed High   Time    Dir
----------------------------------------------------------------------------------
 1  90.7 108.3   15:00  72.6   07:09   0.0  10.2  0.00   0.3  10.0   13:51    SW
 2  82.6  98.8   15:51  69.6   06:05   0.0   5.6  0.00   0.1   8.0   14:32   WSW
 3  79.2  95.6   14:41  63.2   06:16   0.0   4.5  0.00   0.2   9.0   13:14   WSW
 4  81.0  94.9   14:42  70.3   08:06   0.0   4.2  0.02   0.5   8.0   14:50   SSW
 5  75.3  85.0   14:36  64.8   07:33   0.0   0.6  0.17   0.6  14.0   15:57   WSW
 6  69.1  81.3   10:45  61.7   23:17   0.0   0.0  0.14   0.4  12.0   15:22    NW
 7  69.1  82.9   15:38  58.2   06:07   0.0   0.2  0.01   0.2  11.0   18:20     W
 8  75.6  92.7   14:50  61.0   06:50   0.0   2.9  0.00   0.0   8.0   15:04   WNW
 9  81.4  93.9   15:02  69.0   06:19   0.0   4.3  0.00   0.2   9.0   10:49   ENE
10  81.0  95.8   16:11  70.1   03:34   0.0   4.0  0.00   0.2   8.0   08:55     E
11  82.4  98.4   14:04  68.8   05:25   0.0   5.5  0.00   0.1   8.0   14:07     E
12  81.9  97.6   15:08  68.0   07:02   0.0   5.3  0.00   0.1   8.0   14:24    SE
13  80.4  97.1   15:31  68.4   06:57   0.0   3.7  0.00   0.1   6.0   12:15   SSE
14  84.0 102.1   15:43  68.7   06:23   0.0   6.9  0.00   0.0   5.0   11:57     S
15  81.6  92.3   13:37  68.3   06:03   0.0   4.4  0.00   0.0   9.0   17:49   SSE
16  79.2  97.1   13:42  69.1   18:20   0.0   3.4  0.13   0.8  11.0   19:45    NE
17  76.1  87.7   12:50  68.6   06:13   0.0   0.7  0.09   0.4  11.0   06:31    NE
18  76.0  90.0   12:30  67.5   07:00   0.0   1.7  0.07   0.0   8.0   05:34     E
19  75.2  86.9   15:13  65.7   06:22   0.0   1.2  0.00   0.1   8.0   13:31    SE
20  71.1  80.3   12:53  64.5   23:59   0.0   0.0  0.00   0.5  15.0   13:14     N
21  65.5  73.2   14:28  59.6   07:31   0.0   0.0  0.00   0.3  10.0   17:30   NNE
22  66.5  80.5   15:24  54.1   07:08   0.0   0.0  0.00   0.0   6.0   14:15   WNW
23  69.6  84.0   14:15  55.2   06:58   0.0   0.4  0.00   0.1   8.0   15:35   WNW
24  77.6  92.5   14:59  67.3   04:09   0.0   2.4  0.00   0.5   9.0   03:04   NNW
25  77.8  86.7   14:45  69.8   04:29   0.0   1.4  0.00   0.2   7.0   00:45   NNE
26  78.2  90.7   15:44   0.0   01:35   0.0   2.2  0.00   0.3   7.0   01:12    NE
27  73.2  88.4   13:57  59.0   04:42   0.0   1.7  0.00   0.0   6.0   13:29    NE
28  72.4  88.2   15:32  62.1   03:46   0.0   1.1  0.00   0.0   4.0   15:38    NE
29  67.0  82.0   12:09  58.3   23:59   0.0   0.1  0.25   0.3  17.0   14:40    NE
30  63.6  75.7   15:17  56.0   23:56   0.0   0.0  0.02   0.6  10.0   15:04     N
31  66.9  82.4   15:31  49.3   07:10   0.0   0.1  0.00   0.3   6.0   13:48    NW
----------------------------------------------------------------------------------
    75.8 108.3     1     0.0    26     0.0  78.7  0.90   0.2  17.0    29       N

Max >=  80.0: 29
Max <=  32.0:  0
Min <=  32.0:  1
Min <=   0.0:  1
Max Rain: 0.25 on day 29
Days of Rain: 9 (>= 0.01 in)  4 (>= 0.10 in)  0 (>= 1.00 in)
Heat Base: 50.0  Cool Base: 80.0  Method: Integration