NOAA-Style Climate Reports

Select a Year or Month report
2018: Jan Feb Mar Apr May Jun Jul Aug Sep Oct Nov Dec
2017: Jan Feb Mar Apr May Jun Jul Aug Sep Oct Nov Dec
2016: Jan Feb Mar Apr May Jun Jul Aug Sep Oct Nov Dec
2015: Jan Feb Mar Apr May Jun Jul Aug Sep Oct Nov Dec

Report for 2015 September
                   Monthly Climatological Summary for Sep 2015

Name: AD5VG   City: Mesa   State: AZ
Elevation: 1578 ft  Lat: N 33° 24' 16"   Lon: W 111° 35' 48"

                  Temperature (°F), Rain (in), Wind Speed (mph)

                                      Heat  Cool        Avg
    Mean                              Deg   Deg         Wind                 Dom
Day Temp  High   Time   Low    Time   Days  Days  Rain  Speed High   Time    Dir
----------------------------------------------------------------------------------
 1  86.0 102.1   15:24  72.7   00:03   0.0   8.0  0.16   0.1  11.0   12:57     N
 2  89.3 101.9   16:15  78.0   06:43   0.0   9.5  0.05   0.1   8.0   12:52   SSW
 3  85.0 101.1   12:36  75.8   23:03   0.0   6.0  0.00   0.4  13.0   18:13     S
 4  83.8  98.7   15:22  70.3   05:52   0.0   6.2  0.00   0.1   7.0   12:47     S
 5  83.8  96.3   16:00  74.9   05:48   0.0   4.9  0.00   0.2   7.0   10:22   SSE
 6  90.0 104.3   14:11  77.2   06:17   0.0  10.4  0.00   0.3   8.0   07:59    NE
 7  87.7  97.2   16:15  78.6   06:34   0.0   7.7  0.00   0.2   8.0   22:52   NNW
 8  92.1 104.3   15:13  82.2   05:14   0.0  12.1  0.00   0.2  10.0   20:21    NW
 9  86.7  95.2   15:50  79.0   05:01   0.0   6.8  0.00   0.1   6.0   13:51     N
10  84.7  93.4   12:19  75.9   23:57   0.0   4.4  0.00   0.3   9.0   13:05   WNW
11  86.0 102.0   16:19  70.8   05:20   0.0   8.3  0.00   0.2   8.0   14:48     W
12  91.6 108.6   14:13  77.2   06:58   0.0  12.0  0.00   0.3   9.0   16:19   WNW
13  90.2 104.9   15:17  75.6   23:59   0.0  10.3  0.02   0.3  10.0   13:49   WSW
14  84.5 101.8   15:33  70.3   06:47   0.0   7.0  0.03   0.4  14.0   19:46     E
15  85.3  96.9   13:26  78.1   06:22   0.0   5.6  0.00   0.3  10.0   12:01   WSW
16  85.2 100.2   14:55  73.6   04:18   0.0   6.9  0.00   0.4  12.0   16:06    SW
17  85.2 101.3   14:06  69.4   06:45   0.0   7.6  0.00   0.2  12.0   15:19   WSW
18  90.9 102.6   14:33   0.0   06:48   0.0   8.4  0.00   0.1   9.0   13:58   WSW
19  88.4 104.7   15:14  73.8   04:11   0.0   9.3  0.00   0.2   8.0   19:44    SW
20  89.1 104.8   15:39  74.5   06:31   0.0   9.9  0.00   0.2   6.0   13:07     S
21  78.7  88.2   13:57  68.3   18:28   0.0   1.9  0.06   0.4  12.0   14:04    NE
22  77.3  95.8   14:59  68.1   02:02   0.0   3.5  0.05   0.1  13.0   18:47   NNE
23  81.6  96.8   16:13  68.3   01:43   0.0   5.1  0.00   0.2   7.0   13:49   WNW
24  87.9 106.6   16:02  71.1   06:34   0.0   9.6  0.00   0.0   5.0   12:50     W
25  89.1 102.8   15:44  73.4   06:22   0.0   9.9  0.00   0.3  10.0   14:26    SE
26  90.8 106.1   15:38  79.5   02:22   0.0  10.8  0.00   0.4   9.0   11:18    SE
27  90.0 106.4   14:34   0.0   00:03   0.0  10.2  0.00   0.1   7.0   01:58   SSE
28  87.8 101.6   15:09  74.5   06:37   0.0   8.7  0.00   0.1   6.0   13:03   SSE
29  87.5 104.5   15:32  73.2   05:05   0.0   9.0  0.00   0.2   7.0   14:38     S
30  88.9 107.9   14:44  72.9   06:13   0.0  10.3  0.00   0.1   8.0   13:21   SSW
----------------------------------------------------------------------------------
    86.8 108.6    12     0.0    18     0.0 240.3  0.37   0.2  14.0    14      SW

Max >=  80.0: 30
Max <=  32.0:  0
Min <=  32.0:  2
Min <=   0.0:  2
Max Rain: 0.16 on day 1
Days of Rain: 6 (>= 0.01 in)  1 (>= 0.10 in)  0 (>= 1.00 in)
Heat Base: 50.0  Cool Base: 80.0  Method: Integration