NOAA-Style Climate Reports

Select a Year or Month report
2018: Jan Feb Mar Apr May Jun Jul Aug Sep Oct Nov Dec
2017: Jan Feb Mar Apr May Jun Jul Aug Sep Oct Nov Dec
2016: Jan Feb Mar Apr May Jun Jul Aug Sep Oct Nov Dec
2015: Jan Feb Mar Apr May Jun Jul Aug Sep Oct Nov Dec

Report for 2015 August
                   Monthly Climatological Summary for Aug 2015

Name: AD5VG   City: Mesa   State: AZ
Elevation: 1578 ft  Lat: N 33° 24' 16"   Lon: W 111° 35' 48"

                  Temperature (°F), Rain (in), Wind Speed (mph)

                                      Heat  Cool        Avg
    Mean                              Deg   Deg         Wind                 Dom
Day Temp  High   Time   Low    Time   Days  Days  Rain  Speed High   Time    Dir
----------------------------------------------------------------------------------
 1  91.5 106.9   14:20  78.4   04:07   0.0  11.7  0.00   0.3  10.0   13:29   WSW
 2  94.5 108.2   16:00  80.2   05:28   0.0  14.5  0.00   0.3  11.0   14:28     W
 3  95.1 110.0   14:49  80.2   05:18   0.0  15.1  0.00   0.3   8.0   16:02   WNW
 4  95.4 112.6   14:58  79.9   05:35   0.0  15.4  0.00   0.4  11.0   17:22   WNW
 5  96.1 111.9   14:37  78.0   05:35   0.0  16.2  0.00   0.3   9.0   15:10   WNW
 6  94.0 106.8   17:25  85.1   04:58   0.0  14.0  0.00   0.1   8.0   09:22    SW
 7  87.8 108.1   14:48  73.4   20:25   0.0   8.7  0.38   0.4  11.0   14:08   SSW
 8  87.8 104.2   15:16  74.1   06:17   0.0   9.5  0.01   0.1   8.0   13:34    SW
 9  93.4 109.0   14:39  79.9   06:02   0.0  13.3  0.00   0.2   9.0   20:55    SW
10  92.5 107.0   16:17  81.0   06:26   0.0  12.5  0.00   0.2  11.0   22:28    SW
11  88.8  98.0   16:52  73.1   22:14   0.0   6.7  0.08   0.6  18.0   09:20   NNE
12  94.9 108.8   15:56  79.0   00:00   0.0  11.7  0.05   0.9  13.0   00:54   NNE
13  97.0 117.0   14:53  78.6   06:12   0.0  17.1  0.00   0.1  10.0   13:24   SSW
14 100.9 116.8   14:25  89.1   06:26   0.0  20.8  0.00   0.3  11.0   19:25   WSW
15  99.0 115.0   16:39  83.7   06:28   0.0  19.0  0.00   0.2   8.0   17:06   WSW
16  94.4 108.9   17:07  87.2   07:00   0.0   9.7  0.00   0.0  10.0   13:33     W
17  95.7 107.0   16:13  85.5   06:43   0.0  15.7  0.00   0.5   9.0   16:28   WNW
18  93.3 106.6   16:13  81.9   06:16   0.0  13.3  0.00   0.3   8.0   11:40     W
19  93.0 107.2   15:34  80.7   06:12   0.0  13.0  0.00   0.2   8.0   13:51   WSW
20  93.1 106.8   15:06  80.0   05:14   0.0  13.1  0.00   0.3   8.0   17:24     W
21  94.5 108.0   15:47  82.9   05:18   0.0  13.9  0.00   0.4   9.0   09:29   WSW
22  93.7 107.5   15:16  82.6   06:49   0.0  13.7  0.00   0.3   8.0   12:39   WSW
23  92.6 107.1   14:29  79.4   06:38   0.0  12.6  0.00   0.5  12.0   17:36    NW
24  94.0 109.4   14:12  80.7   05:27   0.0  14.0  0.00   0.4   9.0   17:56    NW
25  87.0 103.4   15:43  75.4   18:05   0.0   7.4  0.12   0.6  17.0   17:47   WNW
26  92.2 106.5   16:02  79.8   05:15   0.0  12.0  0.04   0.4   9.0   13:41    NW
27  84.9  95.4   09:32  82.2   04:27   0.0   1.9  0.00   0.0   4.0   09:11   ---
28  97.2 109.3   15:14   0.0   06:31   0.0  12.6  0.00   0.4  10.0   16:59     W
29  95.5 112.9   15:53  80.9   06:35   0.0  15.5  0.00   0.2   8.0   14:14    SW
30  95.9 110.7   15:16  80.8   04:15   0.0  14.5  0.00   0.2  14.0   20:07    SW
31  91.4 107.5   14:26  72.8   23:59   0.0  12.2  0.06   0.5  21.0   20:34     W
----------------------------------------------------------------------------------
    93.5 117.0    13     0.0    28     0.0 401.3  0.74   0.3  21.0    31       W

Max >=  80.0: 31
Max <=  32.0:  0
Min <=  32.0:  1
Min <=   0.0:  1
Max Rain: 0.38 on day 7
Days of Rain: 7 (>= 0.01 in)  2 (>= 0.10 in)  0 (>= 1.00 in)
Heat Base: 50.0  Cool Base: 80.0  Method: Integration