NOAA-Style Climate Reports

Select a Year or Month report
2018: Jan Feb Mar Apr May Jun Jul Aug Sep Oct Nov Dec
2017: Jan Feb Mar Apr May Jun Jul Aug Sep Oct Nov Dec
2016: Jan Feb Mar Apr May Jun Jul Aug Sep Oct Nov Dec
2015: Jan Feb Mar Apr May Jun Jul Aug Sep Oct Nov Dec

Report for 2015 July
                   Monthly Climatological Summary for Jul 2015

Name: AD5VG   City: Mesa   State: AZ
Elevation: 1578 ft  Lat: N 33° 24' 16"   Lon: W 111° 35' 48"

                  Temperature (°F), Rain (in), Wind Speed (mph)

                                      Heat  Cool        Avg
    Mean                              Deg   Deg         Wind                 Dom
Day Temp  High   Time   Low    Time   Days  Days  Rain  Speed High   Time    Dir
----------------------------------------------------------------------------------
 1  91.0 104.1   15:50  80.4   06:04   0.0  11.0  0.00   0.9  13.0   16:41   WSW
 2  93.0 105.4   17:14  79.7   06:11   0.0  13.0  0.00   0.6  11.0   17:21   WNW
 3  89.1 103.5   15:46  74.6   06:20   0.0   9.6  0.07   0.4  11.0   22:24    NE
 4  93.6 106.9   14:40  79.3   05:04   0.0  13.6  0.00   0.6  15.0   11:44     W
 5  88.7 104.9   12:47  79.2   22:38   0.0   8.7  0.00   0.5  15.0   14:56   WSW
 6  90.3 104.1   15:56  77.6   04:40   0.0  10.7  0.00   0.5   9.0   14:11     W
 7  93.6 108.6   15:49  79.5   05:58   0.0  13.6  0.00   0.3  11.0   14:08   WSW
 8  94.2 109.5   14:40  79.4   05:20   0.0  14.2  0.00   0.7  13.0   15:59    SW
 9  89.7 103.2   15:22  77.4   06:00   0.0   9.9  0.00   0.9  18.0   18:36    SW
10  89.2 103.8   15:15  74.6   06:10   0.0  10.1  0.00   0.5  15.0   16:52   WSW
11  93.0 107.2   15:12  80.9   06:09   0.0  13.0  0.00   0.3  11.0   15:53    SW
12  91.8 105.2   12:40  75.9   06:03   0.0  12.2  0.00   0.3   9.0   13:51   WNW
13  95.0 111.7   15:36  80.2   05:41   0.0  14.9  0.00   0.4  10.0   17:47     W
14  94.5 109.9   13:46  82.5   06:31   0.0  14.5  0.00   0.4  11.0   17:04   WNW
15  93.6 108.8   15:32  79.6   05:47   0.0  13.6  0.00   0.2   8.0   09:41     S
16  94.1 107.4   14:39  80.0   05:48   0.0  14.1  0.00   0.4  10.0   15:14     W
17  90.0 104.0   15:11  80.1   05:49   0.0  10.0  0.00   0.3  10.0   12:49     S
18  87.1 103.7   14:46  73.2   23:13   0.0   5.3  0.21   0.8  14.0   16:30     W
19  84.2  98.2   17:22  72.4   03:18   0.0   6.5  0.00   0.2   8.0   15:07   WNW
20  89.3 102.6   16:37  76.1   05:57   0.0   9.7  0.00   0.4  10.0   16:15   WNW
21  92.1 106.9   15:39  77.3   05:53   0.0  12.2  0.00   0.3   8.0   13:13     W
22  92.4 106.5   16:06  76.5   06:06   0.0  12.6  0.00   0.3  12.0   17:55   WSW
23  90.6 106.0   15:26  75.8   06:16   0.0  11.0  0.00   0.3   8.0   15:11    SW
24  90.2 103.1   16:29  81.4   06:09   0.0  10.2  0.00   0.3   9.0   17:06   WSW
25  92.8 109.9   15:06  80.9   06:44   0.0  12.8  0.00   0.3   9.0   14:06     W
26  93.1 107.8   14:15  76.6   06:34   0.0  13.5  0.00   0.5  10.0   13:44     W
27  93.4 109.2   15:39  78.6   06:13   0.0  13.5  0.00   0.3  10.0   14:06     W
28  93.3 106.5   14:54  82.9   06:46   0.0  13.3  0.00   0.4   9.0   21:26     W
29  89.2 101.2   16:58  81.2   04:41   0.0   9.2  0.00   1.1  16.0   19:12     N
30  93.1 109.6   15:50  78.8   05:45   0.0  13.1  0.00   0.3   9.0   03:32     N
31  88.8 110.1   13:12  79.5   20:20   0.0   8.8  0.01   0.6  15.0   13:56   NNE
----------------------------------------------------------------------------------
    91.4 111.7    13    72.4    19     0.0 358.4  0.29   0.5  18.0     9       W

Max >=  80.0: 31
Max <=  32.0:  0
Min <=  32.0:  0
Min <=   0.0:  0
Max Rain: 0.21 on day 18
Days of Rain: 3 (>= 0.01 in)  1 (>= 0.10 in)  0 (>= 1.00 in)
Heat Base: 50.0  Cool Base: 80.0  Method: Integration