NOAA-Style Climate Reports

Select a Year or Month report
2018: Jan Feb Mar Apr May Jun Jul Aug Sep Oct Nov Dec
2017: Jan Feb Mar Apr May Jun Jul Aug Sep Oct Nov Dec
2016: Jan Feb Mar Apr May Jun Jul Aug Sep Oct Nov Dec
2015: Jan Feb Mar Apr May Jun Jul Aug Sep Oct Nov Dec

Report for 2015 June
                   Monthly Climatological Summary for Jun 2015

Name: AD5VG   City: Mesa   State: AZ
Elevation: 1578 ft  Lat: N 33° 24' 16"   Lon: W 111° 35' 48"

                  Temperature (°F), Rain (in), Wind Speed (mph)

                                      Heat  Cool        Avg
    Mean                              Deg   Deg         Wind                 Dom
Day Temp  High   Time   Low    Time   Days  Days  Rain  Speed High   Time    Dir
----------------------------------------------------------------------------------
 1  89.1 107.0   16:15  70.9   05:53   0.0  10.7  0.00   0.2   9.0   14:12     W
 2  88.7 104.5   14:42  74.7   05:35   0.0   9.9  0.00   0.3  10.0   17:16   WSW
 3  85.8 102.6   16:05  66.3   05:34   0.0   8.5  0.00   0.4  10.0   14:31   WSW
 4  81.6  96.9   10:21  65.7   05:06   0.0   5.2  0.00   0.2  11.0   18:39    SW
 5  76.4  85.6   14:45  67.6   06:38   0.0   0.6  0.17   1.0  12.0   15:23     N
 6  80.1  96.8   15:45  71.0   06:11   0.0   3.7  0.03   0.2   7.0   15:25    NW
 7  84.4 100.8   17:26  65.4   06:02   0.0   8.2  0.00   0.2   7.0   13:11     W
 8  89.4 106.7   14:21  71.7   05:40   0.0  11.0  0.00   0.2   8.0   11:44     W
 9  85.0  93.9   15:01  79.7   08:40   0.0   5.0  0.00   0.3   7.0   16:22    SW
10  83.6  95.6   16:27  73.4   05:34   0.0   5.1  0.05   0.3  11.0   15:26   WSW
11  86.2 101.8   14:25  73.1   04:49   0.0   7.7  0.00   0.4   8.0   13:55     W
12  88.2 105.0   14:33  71.9   03:57   0.0   9.9  0.00   0.2   8.0   15:06     W
13  90.6 105.7   15:23  74.1   05:38   0.0  11.5  0.00   0.4   9.0   15:33     W
14  92.5 108.7   15:40  77.0   05:23   0.0  12.8  0.00   0.3   8.0   15:40     W
15  95.2 112.4   15:48  77.4   05:55   0.0  15.3  0.00   0.4  10.0   14:38     W
16  95.3 112.5   14:02  78.9   04:13   0.0  15.0  0.00   0.3   9.0   14:09     W
17  96.5 112.9   15:26  78.0   05:16   0.0  16.6  0.00   0.2   9.0   17:02     W
18  96.4 114.5   14:22  77.8   05:17   0.0  16.6  0.00   0.4  11.0   15:36     W
19  95.5 114.6   13:32  76.3   05:59   0.0  15.8  0.00   0.3  10.0   18:23   WSW
20  93.5 112.3   16:56  72.9   05:54   0.0  14.7  0.00   0.2   8.0   16:33     W
21  93.4 108.8   13:52  79.3   05:19   0.0  13.4  0.00   0.3  10.0   13:56     W
22  93.6 109.6   15:18  77.7   05:41   0.0  13.8  0.00   0.4   8.0   13:06     W
23  94.5 109.2   15:48  77.6   05:44   0.0  14.6  0.00   0.5  11.0   14:18     W
24  96.8 113.9   13:21  81.1   04:42   0.0  16.8  0.00   0.4  11.0   19:04   NNW
25 101.8 109.6   15:59   0.0   07:53   0.0  14.7  0.00   0.3   9.0   16:21     W
26  95.1 107.7   14:55  82.8   04:38   0.0  15.1  0.00   0.5   9.0   16:07   WNW
27  94.3 108.6   16:51  84.1   05:56   0.0  14.3  0.00   1.0  24.0   19:27     N
28  94.8 111.6   14:39  80.6   04:56   0.0  14.8  0.00   0.5   8.0   06:29     N
29  94.9 110.7   15:16  80.5   05:56   0.0  14.9  0.00   0.3   9.0   15:41     W
30  93.9 105.4   15:29  84.5   02:39   0.0  13.9  0.00   0.7  11.0   12:14     W
----------------------------------------------------------------------------------
    90.9 114.6    19     0.0    25     0.0 350.1  0.25   0.4  24.0    27     WNW

Max >=  80.0: 30
Max <=  32.0:  0
Min <=  32.0:  1
Min <=   0.0:  1
Max Rain: 0.17 on day 5
Days of Rain: 3 (>= 0.01 in)  1 (>= 0.10 in)  0 (>= 1.00 in)
Heat Base: 50.0  Cool Base: 80.0  Method: Integration