NOAA-Style Climate Reports

Select a Year or Month report
2018: Jan Feb Mar Apr May Jun Jul Aug Sep Oct Nov Dec
2017: Jan Feb Mar Apr May Jun Jul Aug Sep Oct Nov Dec
2016: Jan Feb Mar Apr May Jun Jul Aug Sep Oct Nov Dec
2015: Jan Feb Mar Apr May Jun Jul Aug Sep Oct Nov Dec

Report for 2015
                   Annual Climatological Summary for 2015

Name: AD5VG   City: Mesa   State: AZ
Elevation: 1578 ft  Lat: N 33° 24' 16"   Lon: W 111° 35' 48"

                  Temperature (°F), Heat Base: 50.0  Cool Base: 80.0
                          Dep.  Heat  Cool                       Max  Max  Min  Min
        Mean  Mean        From  Deg   Deg                        >=   <=   <=   <=
 YR MO  Max   Min   Mean  Norm  Days  Days  Hi  Date  Low  Date 80.0 32.0 32.0   0.0
------------------------------------------------------------------------------------
 15  1  68.7  44.2  57.4   0.0    43     0  79.6   7   0.0    9    0    0    4    2
 15  2  78.2  49.0  63.4   0.0     4     2  86.4   6   0.0   22   12    0    1    1
 15  3  85.8  55.5  70.6   0.0     3    52  98.3  29   0.0   24   26    0    1    1
 15  4  88.1  53.9  72.4   0.0     0    59 101.7  30   0.0   14   29    0    2    2
 15  5  92.4  59.7  77.0   0.0     0   110 109.1  31   0.0   31   27    0    1    1
 15  6 105.7  73.2  90.6   0.0     0   351 114.6  19   0.0   25   31    0    1    1
 15  7 106.1  78.5  91.4   0.0     0   358 111.7  13  72.4   19   31    0    0    0
 15  8 108.2  77.6  93.5   0.0     0   401 117.0  13   0.0   28   31    0    1    1
 15  9 101.3  69.2  86.8   0.0     0   240 108.6  12   0.0   18   30    0    2    2
 15 10  89.8  62.2  75.8   0.0     0    78 108.3   1   0.0   26   29    0    1    1
 15 11  73.0  46.1  59.4   0.0    37     2  88.9   2   0.0   14    7    0    1    1
 15 12  63.4  39.1  50.9   0.0   103     0  81.0   6   0.0   21    2    0    4    1
------------------------------------------------------------------------------------
        88.4  59.0  74.1   0.0   192  1657 117.0 Aug   0.0  Jan  255    0   19   14

                                Precipitation (in)

              Dep.   Max        Days of Rain
              From   Obs.           >=
 YR MO Total  Norm   Day Date 0.01 0.10 1.00
---------------------------------------------
 15  1  0.83   0.0  0.52  30     9    1    0
 15  2  0.05   0.0  0.03  23     3    0    0
 15  3  0.62   0.0  0.38   2     3    2    0
 15  4  0.16   0.0  0.09  26     2    0    0
 15  5  0.68   0.0  0.41  15     3    2    0
 15  6  0.25   0.0  0.17   5     3    1    0
 15  7  0.29   0.0  0.21  18     3    1    0
 15  8  0.74   0.0  0.38   7     7    2    0
 15  9  0.37   0.0  0.16   1     6    1    0
 15 10  0.90   0.0  0.25  29     9    4    0
 15 11  0.30   0.0  0.19  15     4    1    0
 15 12  0.31   0.0  0.12  12     7    2    0
---------------------------------------------
        5.50   0.0  0.52  Jan   59   17    0

                                Wind Speed (mph)
                          Dom
 YR MO   Avg.  Hi   Date  Dir
------------------------------
 15  1   0.4  15.0   22   NNE
 15  2   0.2  14.0   11    NW
 15  3   0.5  15.0   13     N
 15  4   0.4  17.0   26   WNW
 15  5   0.4  17.0    3     W
 15  6   0.4  24.0   27     W
 15  7   0.5  18.0    9     W
 15  8   0.3  21.0   31     W
 15  9   0.2  14.0   14    SW
 15 10   0.2  17.0   29   NNW
 15 11   0.4  14.0   16   NNE
 15 12   0.3  17.0   26   NNE
------------------------------
         0.4  24.0  Jun    NW