NOAA-Style Climate Reports

Select a Year or Month report
2018: Jan Feb Mar Apr May Jun Jul Aug Sep Oct Nov Dec
2017: Jan Feb Mar Apr May Jun Jul Aug Sep Oct Nov Dec
2016: Jan Feb Mar Apr May Jun Jul Aug Sep Oct Nov Dec
2015: Jan Feb Mar Apr May Jun Jul Aug Sep Oct Nov Dec

Report for 2017 July
                   Monthly Climatological Summary for Jul 2017

Name: AD5VG   City: Mesa   State: AZ
Elevation: 1578 ft  Lat: N 33° 24' 16"   Lon: W 111° 35' 48"

                  Temperature (°F), Rain (in), Wind Speed (mph)

                                      Heat  Cool        Avg
    Mean                              Deg   Deg         Wind                 Dom
Day Temp  High   Time   Low    Time   Days  Days  Rain  Speed High   Time    Dir
----------------------------------------------------------------------------------
 1  94.4 113.5   16:42  74.3   05:56   0.0  15.2  0.00   0.2  10.0   14:27   WSW
 2  95.3 111.0   13:54  76.6   04:28   0.0  15.6  0.00   0.4  13.0   15:07   WSW
 3  96.5 107.2   16:34  80.5   05:56   0.0  16.4  0.00   0.5   9.0   16:37     W
 4  96.1 112.6   15:53  80.1   05:46   0.0  16.1  0.00   0.3   9.0   15:20     W
 5  96.7 111.7   15:47  82.6   04:13   0.0  16.7  0.00   0.4  10.0   15:12     W
 6  97.9 112.5   16:40  85.5   04:10   0.0  17.9  0.00   0.2   7.0   13:32     W
 7 102.2 120.9   15:57  85.1   06:03   0.0  22.2  0.00   0.5  14.0   17:54     S
 8 100.3 114.0   13:36  88.9   06:06   0.0  13.2  0.00   0.4  10.0   07:50     E
 9  99.5 108.7   15:12   0.0   08:26   0.0  12.7  0.00   0.7  11.0   20:57    NW
----------------------------------------------------------------------------------
    97.7 120.9     7     0.0     9     0.0 146.0  0.00   0.4  14.0     7       W

Max >=  80.0:  9
Max <=  32.0:  0
Min <=  32.0:  1
Min <=   0.0:  1
Max Rain: 0.00 on day 0
Days of Rain: 0 (>= 0.01 in)  0 (>= 0.10 in)  0 (>= 1.00 in)
Heat Base: 50.0  Cool Base: 80.0  Method: Integration